000
CDUS42 KTBW 242129
CLITPA


CLIMATE REPORT
NATIONAL WEATHER SERVICE TAMPA BAY FL
527 PM EDT FRI APR 24 2015


...................................

...THE TAMPA CLIMATE SUMMARY FOR APRIL 24 2015...
VALID TODAY AS OF 0500 PM LOCAL TIME.

CLIMATE NORMAL PERIOD 1981 TO 2010
CLIMATE RECORD PERIOD 1890 TO 2015


WEATHER ITEM   OBSERVED TIME   RECORD YEAR NORMAL DEPARTURE LAST
                VALUE   (LST)  VALUE       VALUE  FROM      YEAR
                                                  NORMAL
..................................................................
TEMPERATURE (F)
 TODAY
  MAXIMUM         87    346 PM  90    2002  83      4       83
                                      1999
  MINIMUM         75    606 AM  48    1903  65     10       63
  AVERAGE         81                        74      7       73

PRECIPITATION (IN)
  TODAY            0.00          1.28 1994   0.06  -0.06     0.00
  MONTH TO DATE    3.87                      1.69   2.18     0.89
  SINCE MAR 1      4.90                      4.72   0.18     5.84
  SINCE JAN 1     13.20                      9.76   3.44    10.79

DEGREE DAYS
 HEATING
  TODAY            0                         0      0        0
  MONTH TO DATE    0                         9     -9        0
  SINCE MAR 1     12                        65    -53       48
  SINCE JUL 1    467                       536    -69      444

 COOLING
  TODAY           16                         9      7        8
  MONTH TO DATE  317                       164    153      151
  SINCE MAR 1    583                       290    293      229
  SINCE JAN 1    650                       403    247      333
..................................................................


WIND (MPH)
  RESULTANT WIND SPEED   4   RESULTANT WIND DIRECTION   W (270)
  HIGHEST WIND SPEED    12   HIGHEST WIND DIRECTION    SW (220)
  HIGHEST GUST SPEED    18   HIGHEST GUST DIRECTION     N (350)
  AVERAGE WIND SPEED     6.3


SKY COVER
  POSSIBLE SUNSHINE  MM
  AVERAGE SKY COVER 0.6


WEATHER CONDITIONS
 THE FOLLOWING WEATHER WAS RECORDED TODAY.
  NO SIGNIFICANT WEATHER WAS OBSERVED.


RELATIVE HUMIDITY (PERCENT)
 HIGHEST    87          1200 AM
 LOWEST     51           400 PM

..........................................................


THE TAMPA CLIMATE NORMALS FOR TOMORROW
                         NORMAL    RECORD    YEAR
 MAXIMUM TEMPERATURE (F)   83        93      1958
 MINIMUM TEMPERATURE (F)   65        52      2005
                                             1903


SUNRISE AND SUNSET
APRIL 24 2015.........SUNRISE   657 AM EDT   SUNSET   800 PM EDT
APRIL 25 2015.........SUNRISE   656 AM EDT   SUNSET   801 PM EDT


-  INDICATES NEGATIVE NUMBERS.
R  INDICATES RECORD WAS SET OR TIED.
MM INDICATES DATA IS MISSING.
T  INDICATES TRACE AMOUNT.




$$


&&
------------------------------------------------------------------
******************** SUPPLEMENTAL DATA ***************************

...RUSKIN                HIGH 89    LOW 70    PCPN 0.00
...SARASOTA/BRADENTON    HIGH 86    LOW 75    PCPN 0.00
...ST. PETERSBURG        HIGH 86    LOW 76    PCPN T

...GULF WATER TEMPERATURE AT CLEARWATER BEACH 82e
