000
CDUS46 KPQR 061144
CLITTD


CLIMATE REPORT
NATIONAL WEATHER SERVICE PORTLAND OREGON
443 AM PDT WED MAY 6 2015


...................................

...THE TROUTDALE OR CLIMATE SUMMARY FOR MAY 5 2015...

CLIMATE NORMAL PERIOD 1981 TO 2010
CLIMATE RECORD PERIOD 1948 TO 2015


WEATHER ITEM   OBSERVED TIME   RECORD YEAR NORMAL DEPARTURE LAST
                VALUE   (LST)  VALUE       VALUE  FROM      YEAR
                                                  NORMAL
..................................................................
TEMPERATURE (F)
 YESTERDAY
  MAXIMUM         62    319 PM  90    1992  66     -4       64
  MINIMUM         48   1159 PM  27    2007  44      4       51
  AVERAGE         55                        55      0       58

PRECIPITATION (IN)
  YESTERDAY        0.11                      0.10   0.01     0.04
  MONTH TO DATE    0.11                      0.50  -0.39     0.42
  SINCE OCT 1     27.63                     38.66 -11.03    22.91
  SINCE JAN 1     12.67                     20.26  -7.59    15.32

DEGREE DAYS
 HEATING
  YESTERDAY       10                        10      0        7
  MONTH TO DATE   38                        54    -16       27

 COOLING
  YESTERDAY        0                         0      0        0
  MONTH TO DATE    0                         0      0        9
..................................................................


WIND (MPH)
  HIGHEST WIND SPEED    15   HIGHEST WIND DIRECTION     W (270)
  HIGHEST GUST SPEED    22   HIGHEST GUST DIRECTION     W (270)
  AVERAGE WIND SPEED     6.1


SKY COVER
  POSSIBLE SUNSHINE  MM
  AVERAGE SKY COVER 0.8


WEATHER CONDITIONS
 THE FOLLOWING WEATHER WAS RECORDED YESTERDAY.
  LIGHT RAIN
  HAZE


RELATIVE HUMIDITY (PERCENT)
 HIGHEST    71           100 AM
 LOWEST     46           500 PM
 AVERAGE    59

..........................................................


THE TROUTDALE OR CLIMATE NORMALS FOR TODAY
                         NORMAL    RECORD    YEAR
 MAXIMUM TEMPERATURE (F)   66        92      1987
 MINIMUM TEMPERATURE (F)   44        35      1955


SUNRISE AND SUNSET
MAY  6 2015...........SUNRISE   551 AM PDT   SUNSET   823 PM PDT
MAY  7 2015...........SUNRISE   549 AM PDT   SUNSET   824 PM PDT


-  INDICATES NEGATIVE NUMBERS.
R  INDICATES RECORD WAS SET OR TIED.
MM INDICATES DATA IS MISSING.
T  INDICATES TRACE AMOUNT.




$$
