000
CDUS44 KSHV 252147
CLITXK


CLIMATE REPORT
NATIONAL WEATHER SERVICE SHREVEPORT, LA
444 PM CDT SAT APR 25 2015


...................................

...THE TEXARKANA CLIMATE SUMMARY FOR APRIL 25 2015...
VALID TODAY AS OF 0400 PM LOCAL TIME.

CLIMATE NORMAL PERIOD 1981 TO 2010
CLIMATE RECORD PERIOD 1896 TO 2015


WEATHER ITEM   OBSERVED TIME   RECORD YEAR NORMAL DEPARTURE LAST
                VALUE   (LST)  VALUE       VALUE  FROM      YEAR
                                                  NORMAL
..................................................................
TEMPERATURE (F)
 TODAY
  MAXIMUM         86    259 PM  91    1900  78      8       79
  MINIMUM         60    444 AM  33    1898  55      5       49
  AVERAGE         73                        66      7       64

PRECIPITATION (IN)
  TODAY            0.00          4.47 1966   0.15  -0.15     0.00
  MONTH TO DATE    7.66                      3.19   4.47     2.29
  SINCE DEC 1     27.44                     19.83   7.61    15.35
  SINCE JAN 1     24.76                     14.78   9.98     9.52

SNOWFALL (IN)
  TODAY            0.0
  MONTH TO DATE    0.0
  SINCE MAR 1      1.0
  SINCE JUL 1      5.2
  SNOW DEPTH       0

DEGREE DAYS
 HEATING
  TODAY            0                         2     -2        1
  MONTH TO DATE   67                       101    -34      134
  SINCE MAR 1    407                       401      6      528
  SINCE JUL 1   2788                      2595    193     2996

 COOLING
  TODAY            8                         3      5        0
  MONTH TO DATE   76                        56     20       48
  SINCE MAR 1     92                        75     17       55
  SINCE JAN 1     92                        79     13       55
..................................................................


WIND (MPH)
  HIGHEST WIND SPEED    22   HIGHEST WIND DIRECTION    SW (220)
  HIGHEST GUST SPEED    30   HIGHEST GUST DIRECTION    SW (220)
  AVERAGE WIND SPEED    12.3


SKY COVER
  POSSIBLE SUNSHINE  MM
  AVERAGE SKY COVER 0.5


WEATHER CONDITIONS
 THE FOLLOWING WEATHER WAS RECORDED TODAY.
  FOG
  FOG W/VISIBILITY <= 1/4 MILE
  HAZE


RELATIVE HUMIDITY (PERCENT)
 HIGHEST   100           300 AM
 LOWEST     30           300 PM
 AVERAGE    65

..........................................................


THE TEXARKANA CLIMATE NORMALS FOR TOMORROW
                         NORMAL    RECORD    YEAR
 MAXIMUM TEMPERATURE (F)   78        90      1939
 MINIMUM TEMPERATURE (F)   56        38      1992


SUNRISE AND SUNSET
APRIL 25 2015.........SUNRISE   634 AM CDT   SUNSET   754 PM CDT
APRIL 26 2015.........SUNRISE   633 AM CDT   SUNSET   755 PM CDT


-  INDICATES NEGATIVE NUMBERS.
R  INDICATES RECORD WAS SET OR TIED.
MM INDICATES DATA IS MISSING.
T  INDICATES TRACE AMOUNT.




$$
