000
CDUS44 KSHV 270855
CLITYR


CLIMATE REPORT
NATIONAL WEATHER SERVICE SHREVEPORT, LA
351 AM CDT MON APR 27 2015


...................................

...THE TYLER CLIMATE SUMMARY FOR APRIL 26 2015...

CLIMATE NORMAL PERIOD 1981 TO 2010
CLIMATE RECORD PERIOD 1896 TO 2015


WEATHER ITEM   OBSERVED TIME   RECORD YEAR NORMAL DEPARTURE LAST
                VALUE   (LST)  VALUE       VALUE  FROM      YEAR
                                                  NORMAL
..................................................................
TEMPERATURE (F)
 YESTERDAY
  MAXIMUM         86    431 PM  91    1925  78      8       86
  MINIMUM         62   1206 AM  38    1910  58      4       59
  AVERAGE         74                        68      6       73

PRECIPITATION (IN)
  YESTERDAY        0.00          3.52 1915   0.12  -0.12     0.00
  MONTH TO DATE    8.04                      2.66   5.38     2.47
  SINCE DEC 1     23.48                     17.89   5.59    11.79
  SINCE JAN 1     22.01                     13.65   8.36     8.77

SNOWFALL (IN)
  YESTERDAY        0.0
  MONTH TO DATE    0.0
  SINCE MAR 1      0.5
  SINCE JUL 1      2.1
  SNOW DEPTH       0

DEGREE DAYS
 HEATING
  YESTERDAY        0                         1     -1        0
  MONTH TO DATE   31                        93    -62       97
  SINCE MAR 1    296                       366    -70      446
  SINCE JUL 1   2183                      2258    -75     2510

 COOLING
  YESTERDAY        9                         4      5        8
  MONTH TO DATE  138                        61     77       96
  SINCE MAR 1    170                        82     88      109
  SINCE JAN 1    170                        94     76      112
..................................................................


WIND (MPH)
  HIGHEST WIND SPEED    15   HIGHEST WIND DIRECTION    SW (220)
  HIGHEST GUST SPEED    19   HIGHEST GUST DIRECTION    SW (220)
  AVERAGE WIND SPEED     7.6


SKY COVER
  POSSIBLE SUNSHINE  MM
  AVERAGE SKY COVER 0.1


WEATHER CONDITIONS
 THE FOLLOWING WEATHER WAS RECORDED YESTERDAY.
  THUNDERSTORM
  FOG
  FOG W/VISIBILITY <= 1/4 MILE


RELATIVE HUMIDITY (PERCENT)
 HIGHEST    93           500 AM
 LOWEST     44           500 PM
 AVERAGE    69

..........................................................


THE TYLER CLIMATE NORMALS FOR TODAY
                         NORMAL    RECORD    YEAR
 MAXIMUM TEMPERATURE (F)   78        92      1987
 MINIMUM TEMPERATURE (F)   58        41      1967


SUNRISE AND SUNSET
APRIL 27 2015.........SUNRISE   639 AM CDT   SUNSET   800 PM CDT
APRIL 28 2015.........SUNRISE   638 AM CDT   SUNSET   800 PM CDT


-  INDICATES NEGATIVE NUMBERS.
R  INDICATES RECORD WAS SET OR TIED.
MM INDICATES DATA IS MISSING.
T  INDICATES TRACE AMOUNT.




$$
