000
CDUS43 KLOT 180633
CLIUGN


CLIMATE REPORT
NATIONAL WEATHER SERVICE CHICAGO IL
132 AM CDT SAT APR 18 2015


...................................

...THE WAUKEGAN   CLIMATE SUMMARY FOR APRIL 17 2015...

CLIMATE NORMAL PERIOD 1981 TO 2010
CLIMATE RECORD PERIOD 2000 TO 2015


WEATHER ITEM   OBSERVED TIME   RECORD YEAR NORMAL DEPARTURE LAST
                VALUE   (LST)  VALUE       VALUE  FROM      YEAR
                                                  NORMAL
..................................................................
TEMPERATURE (F)
 YESTERDAY
  MAXIMUM         76   1134 AM  84    2002  56     20       59
  MINIMUM         41   1221 AM  28    2009  38      3       38
                                      2001
  AVERAGE         59

PRECIPITATION (IN)
  YESTERDAY        0.00          2.21 2013   0.12  -0.12     0.00
  MONTH TO DATE    3.23                      1.79   1.44     1.48
  SINCE MAR 1      3.87                      4.11  -0.24     2.24
  SINCE JAN 1      4.41                      7.16  -2.75     4.26

DEGREE DAYS
 HEATING
  YESTERDAY        6                        18    -12       16
  MONTH TO DATE  298                       366    -68      395
  SINCE MAR 1   1304                      1290     14     1534
  SINCE JUL 1   6829                      6236    593     7403

 COOLING
  YESTERDAY        0                         0      0        0
  MONTH TO DATE    0                         0      0        0
  SINCE MAR 1      0                         0      0        0
  SINCE JAN 1      0                         0      0        0
..................................................................


WIND (MPH)
  RESULTANT WIND SPEED   2   RESULTANT WIND DIRECTION  SE (140)
  HIGHEST WIND SPEED    15   HIGHEST WIND DIRECTION     E (110)
  HIGHEST GUST SPEED    19   HIGHEST GUST DIRECTION    NE (60)
  AVERAGE WIND SPEED     5.6


SKY COVER
  POSSIBLE SUNSHINE  MM
  AVERAGE SKY COVER 0.2


WEATHER CONDITIONS
 THE FOLLOWING WEATHER WAS RECORDED YESTERDAY.
  FOG
  HAZE


RELATIVE HUMIDITY (PERCENT)
 HIGHEST    89
 LOWEST     33
 AVERAGE    61

..........................................................


THE WAUKEGAN   CLIMATE NORMALS FOR TODAY
                         NORMAL    RECORD    YEAR
 MAXIMUM TEMPERATURE (F)   56        89      2002
 MINIMUM TEMPERATURE (F)   38        24      2001


SUNRISE AND SUNSET
APRIL 18 2015.........SUNRISE   606 AM CDT   SUNSET   736 PM CDT
APRIL 19 2015.........SUNRISE   605 AM CDT   SUNSET   737 PM CDT


-  INDICATES NEGATIVE NUMBERS.
R  INDICATES RECORD WAS SET OR TIED.
MM INDICATES DATA IS MISSING.
T  INDICATES TRACE AMOUNT.




$$
