000
CDUS46 KSEW 280836
CLIUIL


CLIMATE REPORT
NATIONAL WEATHER SERVICE SEATTLE WA
135 AM PDT TUE APR 28 2015


...................................

...THE QUILLAYUTE WA AIRPORT CLIMATE SUMMARY FOR APRIL 27 2015...

CLIMATE NORMAL PERIOD 1981 TO 2010
CLIMATE RECORD PERIOD 1966 TO 2015


WEATHER ITEM   OBSERVED TIME   RECORD YEAR NORMAL DEPARTURE LAST
                VALUE   (LST)  VALUE       VALUE  FROM      YEAR
                                                  NORMAL
..................................................................
TEMPERATURE (F)
 YESTERDAY
  MAXIMUM         71    503 PM  73    1976  57     14       52
  MINIMUM         51   1202 AM  29    1999  40     11       39
                                      1970
  AVERAGE         61                        48     13       46

PRECIPITATION (IN)
  YESTERDAY        0.28          2.04 1981   0.22   0.06     0.33
  MONTH TO DATE    5.85                      7.23  -1.38     9.90
  SINCE OCT 1     85.14                     82.02   3.12    65.51
  SINCE JAN 1     40.39                     43.02  -2.63    48.28

DEGREE DAYS
 HEATING
  YESTERDAY        4                        17    -13       19
  MONTH TO DATE  477                       499    -22      480
  SINCE MAR 1   1015                      1147   -132     1066
  SINCE JUL 1   3925                      4992  -1067     4260

 COOLING
  YESTERDAY        0                         0      0        0
  MONTH TO DATE    0                         0      0        0
  SINCE MAR 1      0                         0      0        0
  SINCE JAN 1      0                         0      0        0
..................................................................


WIND (MPH)
  RESULTANT WIND SPEED   3   RESULTANT WIND DIRECTION   S (190)
  HIGHEST WIND SPEED    10   HIGHEST WIND DIRECTION    NE (50)
  HIGHEST GUST SPEED    16   HIGHEST GUST DIRECTION    SE (150)
  AVERAGE WIND SPEED     5.9


SKY COVER
  AVERAGE SKY COVER 0.5


WEATHER CONDITIONS
 THE FOLLOWING WEATHER WAS RECORDED YESTERDAY.
  LIGHT RAIN
  FOG


RELATIVE HUMIDITY (PERCENT)
 HIGHEST   100           100 AM
 LOWEST     66           500 PM
 AVERAGE    83

..........................................................


THE QUILLAYUTE WA AIRPORT CLIMATE NORMALS FOR TODAY
                         NORMAL    RECORD    YEAR
 MAXIMUM TEMPERATURE (F)   57        72      1976
 MINIMUM TEMPERATURE (F)   40        31      1999


SUNRISE AND SUNSET
APRIL 28 2015.........SUNRISE   605 AM PDT   SUNSET   827 PM PDT
APRIL 29 2015.........SUNRISE   604 AM PDT   SUNSET   828 PM PDT


-  INDICATES NEGATIVE NUMBERS.
R  INDICATES RECORD WAS SET OR TIED.
MM INDICATES DATA IS MISSING.
T  INDICATES TRACE AMOUNT.




$$
