000
CDUS43 KLSX 192233
CLIUIN


CLIMATE REPORT
NATIONAL WEATHER SERVICE ST LOUIS MO
531 PM CDT SUN APR 19 2015


...................................

...THE QUINCY IL CLIMATE SUMMARY FOR APRIL 19 2015...
VALID TODAY AS OF 0500 PM LOCAL TIME.

CLIMATE NORMAL PERIOD 1981 TO 2010
CLIMATE RECORD PERIOD 1901 TO 2015


WEATHER ITEM   OBSERVED TIME   RECORD YEAR NORMAL DEPARTURE LAST
                VALUE   (LST)  VALUE       VALUE  FROM      YEAR
                                                  NORMAL
..................................................................
TEMPERATURE (F)
 TODAY
  MAXIMUM         72   1048 AM  85    1925  65      7       75
  MINIMUM         53    541 AM  26    1983  44      9       44
  AVERAGE         63                        55      8       60

PRECIPITATION (IN)
  TODAY            0.11          1.79 1972   0.13  -0.02     0.00
  MONTH TO DATE    0.73                      2.24  -1.51     1.90
  SINCE MAR 1      1.68                      4.70  -3.02     2.58
  SINCE JAN 1      3.72                      8.10  -4.38     4.70

DEGREE DAYS
 HEATING
  TODAY            2                        11     -9
  MONTH TO DATE  128                       267   -139
  SINCE MAR 1    840                       985   -145
  SINCE JUL 1   5506                      5327    179

 COOLING
  TODAY            0                         1     -1
  MONTH TO DATE    6                         6      0
  SINCE MAR 1      6                         8     -2
  SINCE JAN 1      6                         8     -2
..................................................................


WIND (MPH)
  HIGHEST WIND SPEED    13   HIGHEST WIND DIRECTION     W (260)
  HIGHEST GUST SPEED    16   HIGHEST GUST DIRECTION     W (270)
  AVERAGE WIND SPEED     5.9


SKY COVER
  AVERAGE SKY COVER 0.6



RELATIVE HUMIDITY (PERCENT)
 HIGHEST    90           400 PM
 LOWEST     49          1100 AM
 AVERAGE    70

..........................................................


THE QUINCY IL CLIMATE NORMALS FOR TOMORROW
                         NORMAL    RECORD    YEAR
 MAXIMUM TEMPERATURE (F)   65        90      1987
 MINIMUM TEMPERATURE (F)   45        27      2013


SUNRISE AND SUNSET
APRIL 19 2015.........SUNRISE   621 AM CDT   SUNSET   747 PM CDT
APRIL 20 2015.........SUNRISE   620 AM CDT   SUNSET   748 PM CDT


-  INDICATES NEGATIVE NUMBERS.
R  INDICATES RECORD WAS SET OR TIED.
MM INDICATES DATA IS MISSING.
T  INDICATES TRACE AMOUNT.




$$
