000
CDUS46 KPQR 251147
CLIVUO


CLIMATE REPORT
NATIONAL WEATHER SERVICE PORTLAND OREGON
446 AM PDT SAT APR 25 2015


...................................

...THE VANCOUVER WA CLIMATE SUMMARY FOR APRIL 24 2015...

CLIMATE NORMAL PERIOD 1981 TO 2010
CLIMATE RECORD PERIOD 1891 TO 2015


WEATHER ITEM   OBSERVED TIME   RECORD YEAR NORMAL DEPARTURE LAST
                VALUE   (LST)  VALUE       VALUE  FROM      YEAR
                                                  NORMAL
..................................................................
TEMPERATURE (F)
 YESTERDAY
  MAXIMUM         56    207 PM  87    1910  63     -7       59
  MINIMUM         46    511 AM  29    1986  43      3       47
  AVERAGE         51                        53     -2       53

PRECIPITATION (IN)
  YESTERDAY        0.09                      0.10  -0.01     0.41
  MONTH TO DATE    1.66                      2.48  -0.82     2.77
  SINCE OCT 1     28.75                     31.33  -2.58    21.65
  SINCE JAN 1     13.86                     15.58  -1.72    16.18

DEGREE DAYS
 HEATING
  YESTERDAY       14                                        12
  MONTH TO DATE  344                                       297
  SINCE JUL 1   3428                                      4279

 COOLING
  YESTERDAY        0                                         0
  MONTH TO DATE    0                                         0
  SINCE JAN 1      0                                         0
..................................................................


WIND (MPH)
  HIGHEST WIND SPEED    12   HIGHEST WIND DIRECTION     S (200)
  HIGHEST GUST SPEED    20   HIGHEST GUST DIRECTION     S (180)
  AVERAGE WIND SPEED     4.8


SKY COVER
  POSSIBLE SUNSHINE  MM
  AVERAGE SKY COVER 1.0


WEATHER CONDITIONS
 THE FOLLOWING WEATHER WAS RECORDED YESTERDAY.
  LIGHT RAIN


RELATIVE HUMIDITY (PERCENT)
 HIGHEST    86          1200 AM
 LOWEST     63           700 PM
 AVERAGE    75

..........................................................




SUNRISE AND SUNSET
APRIL 25 2015.........SUNRISE   608 AM PDT   SUNSET   810 PM PDT
APRIL 26 2015.........SUNRISE   606 AM PDT   SUNSET   811 PM PDT


-  INDICATES NEGATIVE NUMBERS.
R  INDICATES RECORD WAS SET OR TIED.
MM INDICATES DATA IS MISSING.
T  INDICATES TRACE AMOUNT.




$$
