000
CDUS46 KLOX 250856
CLIWJF


CLIMATE REPORT
NATIONAL WEATHER SERVICE LOS ANGELES/OXNARD CA
156 AM PDT SAT APR 25 2015


...................................

...THE LANCASTER FOX FIELD CA CLIMATE SUMMARY FOR APRIL 24 2015...

CLIMATE NORMAL PERIOD 1981 TO 2010
CLIMATE RECORD PERIOD 1948 TO 2015


WEATHER ITEM   OBSERVED TIME   RECORD YEAR NORMAL DEPARTURE
                VALUE   (LST)  VALUE       VALUE  FROM
                                                  NORMAL
...............................................................
TEMPERATURE (F)
 YESTERDAY
  MAXIMUM         63   1249 PM  93    1953  76    -13
  MINIMUM         51   1038 PM  31    1971  47      4
  AVERAGE         57                        61     -4

PRECIPITATION (IN)
  YESTERDAY        0.00          0.04 1967   0.01  -0.01
  MONTH TO DATE    0.01                      0.30  -0.29
  SINCE OCT 1      4.33                      6.85  -2.52
  SINCE JAN 1      1.41                      4.72  -3.31

SNOWFALL (IN)
  YESTERDAY        0.0           0.0    MM
  MONTH TO DATE    0.0
  SINCE MAR 1      0.0
  SINCE JUL 1      0.0
  SNOW DEPTH       0

DEGREE DAYS
 HEATING
  YESTERDAY        8                                3
  MONTH TO DATE  163                              -18
  SINCE MAR 1    381                             -168
  SINCE JUL 1   2250                             -592

 COOLING
  YESTERDAY        0                               -1
  MONTH TO DATE    8                               -7
  SINCE MAR 1     14                               -3
  SINCE JAN 1     14                               -3
...............................................................


WIND (MPH)
  HIGHEST WIND SPEED    32   HIGHEST WIND DIRECTION     W (260)
  HIGHEST GUST SPEED    39   HIGHEST GUST DIRECTION     W (260)
  AVERAGE WIND SPEED    22.0




RELATIVE HUMIDITY (PERCENT)
 HIGHEST    83
 LOWEST     52
 AVERAGE    68

..........................................................


THE LANCASTER FOX FIELD CA CLIMATE NORMALS FOR TODAY
                         NORMAL    RECORD    YEAR
 MAXIMUM TEMPERATURE (F)   76        91      1987
 MINIMUM TEMPERATURE (F)   48        34      1960


SUNRISE AND SUNSET
APRIL 25 2015.........SUNRISE   609 AM PDT   SUNSET   733 PM PDT
APRIL 26 2015.........SUNRISE   608 AM PDT   SUNSET   734 PM PDT


-  INDICATES NEGATIVE NUMBERS.
R  INDICATES RECORD WAS SET OR TIED.
MM INDICATES DATA IS MISSING.
T  INDICATES TRACE AMOUNT.




$$
