000
CDUS45 KLKN 070044
CLIWMC


CLIMATE REPORT
NATIONAL WEATHER SERVICE ELKO NV
544 PM PDT WED MAY 6 2015


...................................

...THE WINNEMUCCA AIRPORT NV CLIMATE SUMMARY FOR MAY 6 2015...
VALID TODAY AS OF 0500 PM LOCAL TIME.

CLIMATE NORMAL PERIOD 1981 TO 2010
CLIMATE RECORD PERIOD 1877 TO 2015


WEATHER ITEM   OBSERVED TIME   RECORD YEAR NORMAL DEPARTURE LAST
                VALUE   (LST)  VALUE       VALUE  FROM      YEAR
                                                  NORMAL
..................................................................
TEMPERATURE (F)
 TODAY
  MAXIMUM         65    229 PM  91    1992  69     -4       60
  MINIMUM         37    352 AM  13    1965  36      1       39
  AVERAGE         51                        52     -1       50

PRECIPITATION (IN)
  TODAY            0.00          0.63 1995   0.04  -0.04     0.38
  MONTH TO DATE    0.00                      0.23  -0.23     0.48
  SINCE OCT 1      5.74                      5.96  -0.22     6.32
  SINCE JAN 1      3.17                      3.48  -0.31     3.66

SNOWFALL (IN)
  TODAY            0.0           3.3  1965   0.1   -0.1      0.0
  MONTH TO DATE    0.0                       0.1   -0.1      0.0
  SINCE MAR 1      2.4                       4.9   -2.5      1.9
  SINCE JUL 1      5.3                      20.9  -15.6     23.4
  SNOW DEPTH       0

DEGREE DAYS
 HEATING
  TODAY           14                        13      1       15
  MONTH TO DATE   43                        81    -38       54
  SINCE MAR 1   1218                      1372   -154     1282
  SINCE JUL 1   5000                      5961   -961     5941

 COOLING
  TODAY            0                         0      0        0
  MONTH TO DATE    0                         0      0        0
  SINCE MAR 1      0                         0      0        0
  SINCE JAN 1      0                         0      0        0
..................................................................


WIND (MPH)
  HIGHEST WIND SPEED    26   HIGHEST WIND DIRECTION     N (360)
  HIGHEST GUST SPEED    34   HIGHEST GUST DIRECTION     N (360)



WEATHER CONDITIONS
 THE FOLLOWING WEATHER WAS RECORDED TODAY.
  NO SIGNIFICANT WEATHER WAS OBSERVED.


RELATIVE HUMIDITY (PERCENT)
 HIGHEST    30           400 PM
 LOWEST     19          1200 PM
 AVERAGE    25

..........................................................


THE WINNEMUCCA AIRPORT NV CLIMATE NORMALS FOR TOMORROW
                         NORMAL    RECORD    YEAR
 MAXIMUM TEMPERATURE (F)   69        90      1992
                                             1987
 MINIMUM TEMPERATURE (F)   36        16      1981


SUNRISE AND SUNSET
MAY  6 2015...........SUNRISE   544 AM PDT   SUNSET   753 PM PDT
MAY  7 2015...........SUNRISE   542 AM PDT   SUNSET   754 PM PDT


-  INDICATES NEGATIVE NUMBERS.
R  INDICATES RECORD WAS SET OR TIED.
MM INDICATES DATA IS MISSING.
T  INDICATES TRACE AMOUNT.




$$
