000
CDAK47 PAYA 280907
CLIYAK

CLIMATE REPORT
NATIONAL WEATHER SERVICE YAKUTAT, AK
108 AM AKDT TUE APR 28 2015

...................................
...THE YAKUTAT AP CLIMATE SUMMARY FOR APRIL 27 2015...

CLIMATE NORMAL PERIOD  1981 TO  2010
CLIMATE RECORD PERIOD  1948 TO  2015

WEATHER ITEM   OBSERVED TIME    RECORD YEAR NORMAL DEPARTURE LAST
               VALUE    (LST)   VALUE       VALUE  FROM      YEAR
                                                   NORMAL
...................................................................
TEMPERATURE
YESTERDAY
 MAXIMUM            48  0420 PM    68  1995     49      -1     54
 MINIMUM            30  1157 PM    21  1967     32      -2     28
 AVERAGE            39                          41      -2     41

PRECIPITATION
(INCHES)
 YESTERDAY        0.10           2.10  1988   0.30   -0.20      T
 MONTH TO DATE   13.73                        8.34    5.39   3.33
 SINCE MAR 1     24.15                       19.38    4.77   7.38
 SINCE JAN 1     48.52                       43.90    4.62  34.44

SNOWFALL
(INCHES)
 YESTERDAY           T            5.5  1975    0.1    -0.1    0.0
 MONTH TO DATE     6.8                         9.8    -3.0    5.8
 SINCE MAR 1      34.3                        37.0    -2.7   13.6
 SINCE JUL 1      47.1                       139.2   -92.1  109.0
 SNOW DEPTH (IN)     0                                          T

DEGREE DAYS
 HEATING
  YESTERDAY         26                          25       1     24
  MONTH TO DATE    699                         744     -45    756
  SINCE MAR 1     1622                        1766    -144   1835
  SINCE JUL 1     7054                        7895    -841   7648

 COOLING
  YESTERDAY          0                           0       0      0
  MONTH TO DATE      0                           0       0      0
  SINCE MAR 1        0                           0       0      0
  SINCE JAN 1        0                           0       0      0
...................................................................

WIND (MPH)
 HIGHEST WIND SPEED    17     HIGHEST WIND DIRECTION    130
 HIGHEST GUST SPEED    25     HIGHEST GUST DIRECTION    130
 AVERAGE WIND SPEED   6.5

SKY COVER
  POSSIBLE SUNSHINE    MM          AVERAGE SKY COVER     MM

WEATHER CONDITIONS
 THE FOLLOWING WEATHER WAS RECORDED YESTERDAY.
  FOG
SLEET
RAIN


RELATIVE HUMIDITY
 HIGHEST RH     MM PERCENT       MM
 LOWEST  RH     MM PERCENT       MM
 AVERAGE RH     MM PERCENT       MM
...................................................................

THE YAKUTAT CLIMATE NORMALS FOR TODAY
                           NORMAL    RECORD   YEAR
 MAXIMUM TEMPERATURE (F)     49        65     2005
 MINIMUM TEMPERATURE (F)     33        19     1955

SUNRISE AND SUNSET
 APR 28 2015..........SUNRISE  5:28 AM      SUNSET  9:07 PM
 APR 29 2015..........SUNRISE  5:25 AM      SUNSET  9:10 PM

-  INDICATES NEGATIVE NUMBERS.
R  INDICATES RECORD HAS BEEN SET OR TIED.
MM INDICATES DATA IS MISSING.
T  INDICATES TRACE OF PRECIPITATION.

&&
-------------------------------------------------------------------

AMOUNT OF DAYLIGHT TODAY  (HOUR:MIN)........15 HOURS 39 MINUTES
GAIN/LOSS SINCE YESTERDAY (HOUR:MIN:SEC)....+0:05:08

$$
*** APR 15
