000
CDUS46 KPDT 250852 RRA
CLIYKM

CLIMATE REPORT
NATIONAL WEATHER SERVICE PENDLETON OR
137 AM PDT SAT APR 25 2015


...................................

...THE YAKIMA WA CLIMATE SUMMARY FOR APRIL 24 2015...

CLIMATE NORMAL PERIOD 1981 TO 2010
CLIMATE RECORD PERIOD 1946 TO 2015


WEATHER ITEM   OBSERVED TIME   RECORD YEAR NORMAL DEPARTURE LAST
                VALUE   (LST)  VALUE       VALUE  FROM      YEAR
                                                  NORMAL
..................................................................
TEMPERATURE (F)
 YESTERDAY
  MAXIMUM         62    330 PM  92    1977  66     -4       66
  MINIMUM         41    529 AM  24    2002  36      5       48
                                      2000
                                      1986
  AVERAGE         52                        51      1       57

PRECIPITATION (IN)
  YESTERDAY        0.00          1.10 1974   0.02  -0.02      T
  MONTH TO DATE    T                         0.43  -0.43     0.46
  SINCE OCT 1      4.52                      6.09  -1.57     3.62
  SINCE JAN 1      2.42                      2.97  -0.55     2.79

SNOWFALL (IN)
  YESTERDAY        0.0           0.0  2002   0.0    0.0      0.0
                                      2001
                                      2000
  MONTH TO DATE    0.0                       0.0    0.0      0.0
  SINCE JAN 1      1.6                       8.6   -7.0     19.9
  SINCE JUL 1      1.6                      21.6  -20.0     19.9
  SNOW DEPTH       0

DEGREE DAYS
 HEATING
  YESTERDAY       13                        14     -1        8
  MONTH TO DATE  329                       397    -68      301
  SINCE MAR 1    783                      1074   -291      935
  SINCE JUL 1   4365                      5601  -1236     5337

 COOLING
  YESTERDAY        0                         0      0        0
  MONTH TO DATE    0                         0      0        0
  SINCE MAR 1      0                         0      0        0
  SINCE JAN 1      0                         0      0        0
..................................................................


WIND (MPH)
  HIGHEST WIND SPEED    21   HIGHEST WIND DIRECTION     S (190)
  HIGHEST GUST SPEED    25   HIGHEST GUST DIRECTION     S (200)
  AVERAGE WIND SPEED     7.0


SKY COVER
  POSSIBLE SUNSHINE  MM
  AVERAGE SKY COVER 0.5


WEATHER CONDITIONS
 THE FOLLOWING WEATHER WAS RECORDED YESTERDAY.
  NO SIGNIFICANT WEATHER WAS OBSERVED.


RELATIVE HUMIDITY (PERCENT)
 HIGHEST    57           600 AM
 LOWEST     25          1100 AM
 AVERAGE    41

..........................................................


THE YAKIMA WA CLIMATE NORMALS FOR TODAY
                         NORMAL    RECORD    YEAR
 MAXIMUM TEMPERATURE (F)   66        86      1952
 MINIMUM TEMPERATURE (F)   36        25      1955


SUNRISE AND SUNSET
APRIL 25 2015.........SUNRISE   558 AM PDT   SUNSET   803 PM PDT
APRIL 26 2015.........SUNRISE   556 AM PDT   SUNSET   805 PM PDT


-  INDICATES NEGATIVE NUMBERS.
R  INDICATES RECORD WAS SET OR TIED.
MM INDICATES DATA IS MISSING.
T  INDICATES TRACE AMOUNT.




$$
