000
CDUS41 KPBZ 012136
CLIZZV


CLIMATE REPORT
NATIONAL WEATHER SERVICE PITTSBURGH PA
535 PM EDT WED APR 1 2015


...................................

...THE ZANESVILLE OH CLIMATE SUMMARY FOR APRIL 1 2015...
VALID TODAY AS OF 0500 PM LOCAL TIME.

CLIMATE NORMAL PERIOD 1981 TO 2010
CLIMATE RECORD PERIOD 1946 TO 2015


WEATHER ITEM   OBSERVED TIME   RECORD YEAR NORMAL DEPARTURE LAST
                VALUE   (LST)  VALUE       VALUE  FROM      YEAR
                                                  NORMAL
..................................................................
TEMPERATURE (F)
 TODAY
  MAXIMUM         60    352 PM  82    2010  58      2       76
                                      1986
  MINIMUM         24    633 AM  14    1964  35    -11       36
  AVERAGE         42                        46     -4       56

PRECIPITATION (IN)
  TODAY            0.00         MM      MM   0.12  -0.12      T
  MONTH TO DATE    0.00                      0.12  -0.12      T
  SINCE JUN 1     29.74                     30.35  -0.61    32.71
  SINCE JAN 1      7.33                      7.95  -0.62     4.40

DEGREE DAYS
 HEATING
  TODAY           23                        19      4        9
  MONTH TO DATE   23                        19      4        9
  SINCE MAR 1    893                       772    121      910
  SINCE JUL 1   5550                      4963    587     5467

 COOLING
  TODAY            0                         0      0        0
  MONTH TO DATE    0                         0      0        0
  SINCE MAR 1      0                         1     -1        0
  SINCE JAN 1      0                         1     -1        0
..................................................................


WIND (MPH)
  HIGHEST WIND SPEED    13   HIGHEST WIND DIRECTION     W (290)
  HIGHEST GUST SPEED    16   HIGHEST GUST DIRECTION    NW (310)
  AVERAGE WIND SPEED     3.2


SKY COVER
  POSSIBLE SUNSHINE  MM
  AVERAGE SKY COVER 0.0


WEATHER CONDITIONS
 THE FOLLOWING WEATHER WAS RECORDED TODAY.
  FOG


RELATIVE HUMIDITY (PERCENT)
 HIGHEST    92           800 AM
 LOWEST     33           400 PM
 AVERAGE    63

..........................................................


THE ZANESVILLE OH CLIMATE NORMALS FOR TOMORROW
                         NORMAL    RECORD    YEAR
 MAXIMUM TEMPERATURE (F)   58        85      2010
 MINIMUM TEMPERATURE (F)   35        22      1949


SUNRISE AND SUNSET
APRIL  1 2015.........SUNRISE   712 AM EDT   SUNSET   752 PM EDT
APRIL  2 2015.........SUNRISE   710 AM EDT   SUNSET   753 PM EDT


-  INDICATES NEGATIVE NUMBERS.
R  INDICATES RECORD WAS SET OR TIED.
MM INDICATES DATA IS MISSING.
T  INDICATES TRACE AMOUNT.




$$
