000
CXUS46 KLOX 011703
CLMCQT


CLIMATE REPORT
NATIONAL WEATHER SERVICE LOS ANGELES/OXNARD CA
1003 AM PDT WED APR 1 2015

...................................

...THE DOWNTOWN LOS ANGELES (USC) CA CLIMATE SUMMARY FOR THE MONTH OF MARCH 2015...

CLIMATE NORMAL PERIOD 1981 TO 2010
CLIMATE RECORD PERIOD 1877 TO 2015

WEATHER         OBSERVED          NORMAL  DEPART  LAST YEAR`S
                 VALUE   DATE(S)  VALUE   FROM    VALUE
                                          NORMAL
.............................................................
TEMPERATURE (F)
HIGHEST            93   03/14
LOWEST             48   03/04
                        03/03
AVG. MAXIMUM     79.1              70.2     8.9
AVG. MINIMUM     57.4              51.0     6.4
MEAN             68.2              60.6     7.6
DAYS MAX >= 90      6
DAYS MAX <= 32      0
DAYS MIN <= 32      0
DAYS MIN <= 0       0

PRECIPITATION (INCHES)
TOTALS           0.87              2.43   -1.56
DAILY AVG.       0.03
DAYS >= .01         2
DAYS >= .10         2
DAYS >= .50         1
DAYS >= 1.00        0
GREATEST
 24 HR. TOTAL    0.66   03/01 TO 03/01

DEGREE_DAYS
HEATING TOTAL      29               157    -128       63
 SINCE 7/1        392               932    -540      540
COOLING TOTAL     137                20     117       29
 SINCE 1/1        194                43     151       52
..............................................................

WIND (MPH)
AVERAGE WIND SPEED              1.6
HIGHEST WIND SPEED/DIRECTION    14/340    DATE  03/24
HIGHEST GUST SPEED/DIRECTION    29/340    DATE  03/24

SKY COVER
POSSIBLE SUNSHINE (PERCENT)   MM
AVERAGE SKY COVER           0.20
NUMBER OF DAYS FAIR           25
NUMBER OF DAYS PC              5
NUMBER OF DAYS CLOUDY          1

AVERAGE RH (PERCENT)     56

WEATHER CONDITIONS. NUMBER OF DAYS WITH
THUNDERSTORM              0     MIXED PRECIP               0
HEAVY RAIN                2     RAIN                       2
LIGHT RAIN                3     FREEZING RAIN              0
LT FREEZING RAIN          0     HAIL                       0
HEAVY SNOW                0     SNOW                       0
LIGHT SNOW                0     SLEET                      0
FOG                      13     FOG W/VIS <= 1/4 MILE      1
HAZE                     13

-  INDICATES NEGATIVE NUMBERS.
R  INDICATES RECORD WAS SET OR TIED.
MM INDICATES DATA IS MISSING.
T  INDICATES TRACE AMOUNT.

$$
