000
CXUS53 KUNR 011156
CLMCUT


CLIMATE REPORT
NATIONAL WEATHER SERVICE RAPID CITY SD
553 AM MDT WED APR 1 2015

...................................

...THE CUSTER COUNTY AIRPORT SD CLIMATE SUMMARY FOR THE MONTH OF MARCH 2015...

CLIMATE NORMAL PERIOD 1981 TO 2010
CLIMATE RECORD PERIOD 9999 TO 9999

WEATHER         OBSERVED          NORMAL  DEPART  LAST YEAR`S
                 VALUE   DATE(S)  VALUE   FROM    VALUE  DATE(S)
                                          NORMAL
................................................................
TEMPERATURE (F)
HIGHEST            72   03/28                         60  03/29
LOWEST             -5   03/04                        -16  03/02
AVG. MAXIMUM     51.3              41.8     9.5     41.8
AVG. MINIMUM     24.6              21.1     3.5     19.7
MEAN             38.0              31.5     6.5     30.8
DAYS MAX >= 90      0                                  0
DAYS MAX <= 32      4                                  5
DAYS MIN <= 32     24                                 30
DAYS MIN <= 0       3                                  2

PRECIPITATION (INCHES)
TOTALS           0.33              1.01   -0.68     1.20
DAILY AVG.       0.01              0.03   -0.02     0.04
DAYS >= .01         5                                 11
DAYS >= .10         1                                  5
DAYS >= .50         0                                  0
DAYS >= 1.00        0                                  0
GREATEST
 24 HR. TOTAL    0.15   03/02 TO 03/02              0.30

DEGREE_DAYS
HEATING TOTAL     831              1040    -209     1052
 SINCE 7/1       6280              6875    -595     6910
COOLING TOTAL       0                 0       0        0
 SINCE 1/1          0                 0       0        0
.................................................................

WIND (MPH)
AVERAGE WIND SPEED              7.7
HIGHEST WIND SPEED/DIRECTION    31/280    DATE  03/29
HIGHEST GUST SPEED/DIRECTION    50/330    DATE  03/29

AVERAGE RH (PERCENT)     50

WEATHER CONDITIONS. NUMBER OF DAYS WITH
THUNDERSTORM              0     MIXED PRECIP               0
HEAVY RAIN                0     RAIN                       1
LIGHT RAIN                1     FREEZING RAIN              0
LT FREEZING RAIN          0     HAIL                       0
HEAVY SNOW                0     SNOW                       1
LIGHT SNOW                5     SLEET                      0
FOG                       6     FOG W/VIS <= 1/4 MILE      2
HAZE                      1

-  INDICATES NEGATIVE NUMBERS.
R  INDICATES RECORD WAS SET OR TIED.
MM INDICATES DATA IS MISSING.
T  INDICATES TRACE AMOUNT.

$$
