000
CXUS44 KBRO 011530
CLMHRL


CLIMATE REPORT
NATIONAL WEATHER SERVICE BROWNSVILLE TX
1013 AM CDT FRI MAY 1 2015

...................................

...THE HARLINGEN CLIMATE SUMMARY FOR THE MONTH OF APRIL 2015...

CLIMATE NORMAL PERIOD 1981 TO 2010
CLIMATE RECORD PERIOD 1912 TO 2015

WEATHER         OBSERVED          NORMAL  DEPART  LAST YEAR`S
                 VALUE   DATE(S)  VALUE   FROM    VALUE  DATE(S)
                                          NORMAL
................................................................
TEMPERATURE (F)
HIGHEST            93   04/26        95      -2      100  04/28
                                                          04/27
LOWEST             54   04/30        48       6       43  04/16
AVG. MAXIMUM     85.5              85.8    -0.3     85.3
AVG. MINIMUM     69.2              64.9     4.3     63.5
MEAN             77.4              75.3     2.1     74.4
DAYS MAX >= 90      6               9.1    -3.1        9
DAYS MAX <= 32      0               0.0     0.0        0
DAYS MIN <= 32      0               0.0     0.0        0
DAYS MIN <= 0       0               0.0     0.0        0

PRECIPITATION (INCHES)
TOTALS           3.73              1.67    2.06     0.17
DAILY AVG.       0.12              0.06    0.06     0.01
DAYS >= .01        11                MM      MM        7
DAYS >= .10         5                MM      MM
DAYS >= .50         3                MM      MM
DAYS >= 1.00        1                MM      MM
GREATEST
 24 HR. TOTAL    1.99   04/12 TO 04/13

HEATING TOTAL       0                 8      -8       12
 SINCE 7/1        767               622     145      930
COOLING TOTAL     379               319      60      299
 SINCE 1/1        559               614     -55      522

WIND (MPH)
AVERAGE WIND SPEED              11.0
HIGHEST WIND SPEED/DIRECTION    40/250    DATE  04/24
HIGHEST GUST SPEED/DIRECTION    58/250    DATE  04/24

SKY COVER
POSSIBLE SUNSHINE (PERCENT)   MM
AVERAGE SKY COVER           0.60
NUMBER OF DAYS FAIR            4
NUMBER OF DAYS PC             19
NUMBER OF DAYS CLOUDY          7

AVERAGE RH (PERCENT)     79

WEATHER CONDITIONS. NUMBER OF DAYS WITH
THUNDERSTORM              0     MIXED PRECIP               0
HEAVY RAIN                4     RAIN                       6
LIGHT RAIN               18     FREEZING RAIN              0
LT FREEZING RAIN          0     HAIL                       0
HEAVY SNOW                0     SNOW                       0
LIGHT SNOW                0     SLEET                      0
FOG                      25     FOG W/VIS <= 1/4 MILE      3
HAZE                     13

-  INDICATES NEGATIVE NUMBERS.
R  INDICATES RECORD WAS SET OR TIED.
MM INDICATES DATA IS MISSING.
T  INDICATES TRACE AMOUNT.

$$
