000
CXUS55 KPSR 011101
CLMPHX

CLIMATE REPORT
NATIONAL WEATHER SERVICE PHOENIX AZ
400 AM MST WED APR 1 2015

...................................

...THE PHOENIX AZ CLIMATE SUMMARY FOR THE MONTH OF MARCH 2015...

CLIMATE NORMAL PERIOD 1981 TO 2010
CLIMATE RECORD PERIOD 1895 TO 2015

WEATHER         OBSERVED          NORMAL  DEPART
                 VALUE   DATE(S)  VALUE   FROM
                                          NORMAL
................................................
TEMPERATURE (F)
RECORD
 HIGH             100   03/26/1988
 LOW               25   03/04/1966
HIGHEST            97   03/29        90       7
LOWEST             46   03/05        43       3
AVG. MAXIMUM     84.7              76.9     7.8
AVG. MINIMUM     59.6              53.5     6.1
MEAN             72.2              65.2     7.0
DAYS MAX >= 90      7               1.5     5.5
DAYS MAX <= 32      0               0.0     0.0
DAYS MIN <= 32      0               0.0     0.0
DAYS MIN <= 0       0               0.0     0.0

PRECIPITATION (INCHES)
RECORD
 MAXIMUM         4.82   1941
 MINIMUM         0.00   2008
                        1984
                        1959
TOTALS           0.33              0.99   -0.66
DAYS >= .01         4               3.9     0.1
DAYS >= .10         1               2.2    -1.2
DAYS >= .50         0               0.6    -0.6
DAYS >= 1.00        0               0.2    -0.2
GREATEST
 24 HR. TOTAL    0.23   03/02 TO 03/02

DEGREE_DAYS
HEATING TOTAL      25                81     -56
 SINCE 7/1        520               914    -394
COOLING TOTAL     255                87     168
 SINCE 1/1        303               104     199
.................................................

WIND (MPH)
AVERAGE WIND SPEED              6.3
HIGHEST GUST SPEED/DIRECTION    36/350    DATE  03/12

AVERAGE RH (PERCENT)     33

WEATHER CONDITIONS. NUMBER OF DAYS WITH
THUNDERSTORM              0     HEAVY RAIN                 0
RAIN                      1     LIGHT RAIN                 4
FOG W/VIS <= 1/4 MILE     1

-  INDICATES NEGATIVE NUMBERS.
R  INDICATES RECORD WAS SET OR TIED.
MM INDICATES DATA IS MISSING.
T  INDICATES TRACE AMOUNT.

$$
