000
CXUS55 KBOU 271312
CF6APA
PRELIMINARY LOCAL CLIMATOLOGICAL DATA (WS FORM: F-6)

                                          STATION:   CENTENNIAL CO
                                          MONTH:     APRIL
                                          YEAR:      2015
                                          LATITUDE:   39 33 N
                                          LONGITUDE: 104 51 W

  TEMPERATURE IN F:       :PCPN:    SNOW:  WIND      :SUNSHINE: SKY     :PK WND
================================================================================
1   2   3   4   5  6A  6B    7    8   9   10  11  12  13   14  15   16   17  18
                                     12Z  AVG MX 2MIN
DY MAX MIN AVG DEP HDD CDD  WTR  SNW DPTH SPD SPD DIR MIN PSBL S-S WX    SPD DR
================================================================================

 1  68  41  55  12  10   0    T    M    M  9.1 29 310   M    M   6 3      41 310
 2  54  28  41  -2  24   0 0.01    M    M 12.3 25 350   M    M   9 1      31 350
 3  47  27  37  -6  28   0 0.02    M    M  6.9 15 150   M    M   4 1      19  90
 4  64  26  45   2  20   0 0.00    M    M  7.5 16  30   M    M   1        24  20
 5  72  28  50   6  15   0 0.00    M    M  6.3 23 210   M    M   2        36 210
 6  74  40  57  13   8   0 0.00    M    M 11.0 26 240   M    M   2        32 240
 7  67  38  53   9  12   0 0.00    M    M  9.1 26 350   M    M   5 18     31 350
 8  64  34  49   5  16   0 0.15    M    M  8.9 35 360   M    M   7 138    41 350
 9  49  32  41  -3  24   0 0.00    M    M  8.0 17  20   M    M   8 1      23  10
10  63  33  48   3  17   0 0.00    M    M  7.5 22 200   M    M   4        28 200
11  68  35  52   7  13   0 0.00    M    M  7.3 16 220   M    M   5        19 230
12  66  39  53   8  12   0 0.00    M    M 12.7 28 330   M    M   3        35 330
13  67  32  50   5  15   0 0.00    M    M 10.2 26 170   M    M   3        33 170
14  74  38  56  10   9   0 0.00    M    M 12.6 35 180   M    M   3 8      54 170
15  64  36  50   4  15   0 0.00    M    M 13.4 32 350   M    M   4        37 350
16  36  31  34 -12  31   0 0.95    M    M  9.4 18 360   M    M  10 12     22  10
17  48  32  40  -6  25   0 0.27    M    M  6.0 22 160   M    M   9 12389  26 170
18  51  35  43  -4  22   0 0.09    M    M  8.0 22 320   M    M   8 13     28 320
19  47  33  40  -7  25   0 0.07    M    M  9.6 36 350   M    M   8 1      42 350
20  54  30  42  -5  23   0 0.01    M    M  5.7 23 340   M    M   5        29 340
21  65  33  49   1  16   0    T    M    M  6.1 20 360   M    M   4        26  10
22  68  37  53   5  12   0 0.10    M    M  7.9 23 270   M    M   5 13     31 280
23  68  42  55   7  10   0    T    M    M 10.1 26 320   M    M   6 3      34 310
24  63  36  50   2  15   0    T    M    M  7.7 36 310   M    M   6        44 310
25  67  37  52   3  13   0 0.02    M    M  8.3 22 130   M    M   6 3      30 150
26  47  38  43  -6  22   0 0.90    M    M  7.0 15  60   M    M  10 13     21  40
================================================================================
SM 1575  891       452   0  2.59    M    228.6          M      143
================================================================================
AV 60.6 34.3                               8.8 FASTST   M    M   6    MAX(MPH)
                                 MISC ---->  # 36 350               # 54  170
================================================================================
NOTES:
# LAST OF SEVERAL OCCURRENCES

COLUMN 17 PEAK WIND IN M.P.H.

PRELIMINARY LOCAL CLIMATOLOGICAL DATA (WS FORM: F-6) , PAGE 2

                                          STATION:  CENTENNIAL CO
                                          MONTH:    APRIL
                                          YEAR:     2015
                                          LATITUDE:   39 33 N
                                          LONGITUDE: 104 51 W

[TEMPERATURE DATA]      [PRECIPITATION DATA]       SYMBOLS USED IN COLUMN 16

AVERAGE MONTHLY: 47.4   TOTAL FOR MONTH:   2.59    1 = FOG OR MIST
DPTR FM NORMAL:   1.8   DPTR FM NORMAL:    0.79    2 = FOG REDUCING VISIBILITY
HIGHEST:    74 ON 14, 6 GRTST 24HR  1.02 ON 16-17      TO 1/4 MILE OR LESS
LOWEST:     26 ON  4                               3 = THUNDER
                        SNOW, ICE PELLETS, HAIL    4 = ICE PELLETS
                        TOTAL MONTH:    M          5 = HAIL
                        GRTST 24HR    M  ON   M    6 = FREEZING RAIN OR DRIZZLE
                        GRTST DEPTH:  M  ON   M    7 = DUSTSTORM OR SANDSTORM:
                                                       VSBY 1/2 MILE OR LESS
                                                   8 = SMOKE OR HAZE
[NO. OF DAYS WITH]      [WEATHER - DAYS WITH]      9 = BLOWING SNOW
                                                   X = TORNADO
MAX 32 OR BELOW:   0    0.01 INCH OR MORE:  11
MAX 90 OR ABOVE:   0    0.10 INCH OR MORE:   5
MIN 32 OR BELOW:   9    0.50 INCH OR MORE:   2
MIN  0 OR BELOW:   0    1.00 INCH OR MORE:   0

[HDD (BASE 65) ]
TOTAL THIS MO.   452    CLEAR  (SCALE 0-3)   5
DPTR FM NORMAL   -52    PTCLDY (SCALE 4-7)  15
TOTAL FM JUL 1  5308    CLOUDY (SCALE 8-10)  6
DPTR FM NORMAL  -449

[CDD (BASE 65) ]
TOTAL THIS MO.     0
DPTR FM NORMAL     0    [PRESSURE DATA]
TOTAL FM JAN 1     0    HIGHEST SLP M ON M
DPTR FM NORMAL     0    LOWEST  SLP 29.32 ON  8

[REMARKS]
