000
CXUS51 KBTV 240700
CF6BTV
PRELIMINARY LOCAL CLIMATOLOGICAL DATA (WS FORM: F-6)

                                          STATION:   BURLINGTON VT
                                          MONTH:     APRIL
                                          YEAR:      2015
                                          LATITUDE:   44 28 N
                                          LONGITUDE:  73  9 W

  TEMPERATURE IN F:       :PCPN:    SNOW:  WIND      :SUNSHINE: SKY     :PK WND
================================================================================
1   2   3   4   5  6A  6B    7    8   9   10  11  12  13   14  15   16   17  18
                                     12Z  AVG MX 2MIN
DY MAX MIN AVG DEP HDD CDD  WTR  SNW DPTH SPD SPD DIR MIN PSBL S-S WX    SPD DR
================================================================================

 1  39  20  30  -8  35   0 0.00  0.0    0  6.5 18 320   M    M   1        24 320
 2  61  22  42   4  23   0 0.00  0.0    0 11.6 28 190   M    M   5        38 190
 3  69  47  58  19   7   0    T  0.0    0  6.6 20 190   M    M   8        27 190
 4  50  28  39  -1  26   0 0.43  0.7    1 12.8 28 330   M    M   8 1      37 330
 5  41  27  34  -6  31   0    T  0.1    0  8.1 20 310   M    M   5 1      28 290
 6  39  27  33  -7  32   0 0.07    T    0  5.3 16 190   M    M   9 1      20 180
 7  45  27  36  -5  29   0 0.00  0.0    0  8.6 18 320   M    M   6 18     22 320
 8  46  23  35  -6  30   0 0.24  2.1    0  4.1 18 220   M    M   6 1      25 220
 9  45  31  38  -4  27   0 0.08  0.2    2  8.7 18 170   M    M  10 1      25 170
10  54  37  46   4  19   0 0.10  0.0    0 17.2 29 180   M    M   9 1      40 180
11  51  31  41  -2  24   0    T  0.0    0 11.5 22 320   M    M   7        35 290
12  67  28  48   5  17   0 0.00  0.0    0  5.4 15 190   M    M   1        19 180
13  75  35  55  11  10   0 0.00  0.0    0 12.7 29 190   M    M   3        39 190
14  65  38  52   8  13   0 0.15  0.0    0  8.3 31 300   M    M   4        38 280
15  57  31  44  -1  21   0 0.00  0.0    0  7.3 22  10   M    M   0        30 330
16  67  28  48   3  17   0 0.00  0.0    0  7.8 21 180   M    M   4        30 180
17  69  46  58  12   7   0 0.15  0.0    0  7.1 20 190   M    M   6        27 180
18  65  41  53   7  12   0 0.03  0.0    0  9.2 26 330   M    M   6        33 350
19  55  38  47   1  18   0 0.00  0.0    0  8.0 17 340   M    M   5        22 330
20  53  41  47   0  18   0 0.23  0.0    0 16.8 32 150   M    M   7        47 140
21  56  41  49   2  16   0 0.64  0.0    0  4.9 22 230   M    M   8 1      28 220
22  55  38  47  -1  18   0 0.40  0.0    0  6.9 18 190   M    M   8 1      25 200
23  48  37  43  -5  22   0    T  0.0    0  8.6 18 290   M    M   8        25 310
================================================================================
SM 1272  762       472   0  2.52     3.1 204.0          M      134
================================================================================
AV 55.3 33.1                               8.9 FASTST   M    M   6    MAX(MPH)
                                 MISC ---->  # 32 150               # 47  140
================================================================================
NOTES:
# LAST OF SEVERAL OCCURRENCES

COLUMN 17 PEAK WIND IN M.P.H.

PRELIMINARY LOCAL CLIMATOLOGICAL DATA (WS FORM: F-6) , PAGE 2

                                          STATION:  BURLINGTON VT
                                          MONTH:    APRIL
                                          YEAR:     2015
                                          LATITUDE:   44 28 N
                                          LONGITUDE:  73  9 W

[TEMPERATURE DATA]      [PRECIPITATION DATA]       SYMBOLS USED IN COLUMN 16

AVERAGE MONTHLY: 44.2   TOTAL FOR MONTH:   2.52    1 = FOG OR MIST
DPTR FM NORMAL:   1.0   DPTR FM NORMAL:    0.40    2 = FOG REDUCING VISIBILITY
HIGHEST:    75 ON 13    GRTST 24HR  0.64 ON 21-21      TO 1/4 MILE OR LESS
LOWEST:     20 ON  1                               3 = THUNDER
                        SNOW, ICE PELLETS, HAIL    4 = ICE PELLETS
                        TOTAL MONTH:   3.1 INCHES  5 = HAIL
                        GRTST 24HR   2.1 ON   M    6 = FREEZING RAIN OR DRIZZLE
                        GRTST DEPTH:   2 ON  9     7 = DUSTSTORM OR SANDSTORM:
                                                       VSBY 1/2 MILE OR LESS
                                                   8 = SMOKE OR HAZE
[NO. OF DAYS WITH]      [WEATHER - DAYS WITH]      9 = BLOWING SNOW
                                                   X = TORNADO
MAX 32 OR BELOW:   0    0.01 INCH OR MORE:  11
MAX 90 OR ABOVE:   0    0.10 INCH OR MORE:   8
MIN 32 OR BELOW:  12    0.50 INCH OR MORE:   1
MIN  0 OR BELOW:   0    1.00 INCH OR MORE:   0

[HDD (BASE 65) ]
TOTAL THIS MO.   472    CLEAR  (SCALE 0-3)   3
DPTR FM NORMAL   -31    PTCLDY (SCALE 4-7)  16
TOTAL FM JUL 1  7179    CLOUDY (SCALE 8-10)  4
DPTR FM NORMAL   212

[CDD (BASE 65) ]
TOTAL THIS MO.     0
DPTR FM NORMAL     0    [PRESSURE DATA]
TOTAL FM JAN 1     0    HIGHEST SLP M ON M
DPTR FM NORMAL     0    LOWEST  SLP 29.50 ON  4

[REMARKS]
