000
CXUS55 KLOX 261155
CF6BUR
PRELIMINARY LOCAL CLIMATOLOGICAL DATA (WS FORM: F-6)

                                          STATION:   BOB HOPE AIRPORT (BURBANK) CA
                                          MONTH:     APRIL
                                          YEAR:      2015
                                          LATITUDE:   34 12 N
                                          LONGITUDE: 118 22 W

  TEMPERATURE IN F:       :PCPN:    SNOW:  WIND      :SUNSHINE: SKY     :PK WND
================================================================================
1   2   3   4   5  6A  6B    7    8   9   10  11  12  13   14  15   16   17  18
                                     12Z  AVG MX 2MIN
DY MAX MIN AVG DEP HDD CDD  WTR  SNW DPTH SPD SPD DIR MIN PSBL S-S WX    SPD DR
================================================================================

 1  75  56  66   6   0   1 0.00  0.0    0  6.7 13 160   M    M   0 18     17 100
 2  76  51  64   4   1   0 0.00  0.0    0  3.2 16 180   M    M   0        20 170
 3  84  51  68   8   0   3 0.00  0.0    0  4.1 15 200   M    M   0        18 210
 4  82  55  69   9   0   4 0.00  0.0    0  5.5 15 190   M    M   0        18 200
 5  71  53  62   2   3   0 0.00  0.0    0  7.1 15 160   M    M   3        24 160
 6  65  52  59  -1   6   0 0.00  0.0    0  7.2 17 190   M    M   2        23 190
 7  63  47  55  -5  10   0 0.10    M    0  3.9 15 210   M    M   5 18     20 220
 8  73  44  59  -1   6   0 0.00    M    0  7.0 20 320   M    M   0        26 290
 9  77  49  63   3   2   0 0.00  0.0    0  4.9 15 190   M    M   0        22 150
10  72  50  61   0   4   0 0.00  0.0    0  3.8 14 200   M    M   0        18 180
11  73  51  62   1   3   0 0.00  0.0    0  5.0 14 170   M    M   0        17  90
12  78  52  65   4   0   0 0.00  0.0    0  4.8 13 160   M    M   0        16 170
13  79  55  67   6   0   2 0.00  0.0    0  4.6 13 170   M    M   1 8      15 180
14  77  55  66   5   0   1 0.00  0.0    0  7.2 24 330   M    M   1 8      32 350
15  81  53  67   6   0   2 0.00  0.0    0  3.9 16 150   M    M   0        22 190
16  80  53  67   5   0   2 0.00  0.0    0  4.6 16 200   M    M   0        21 180
17  84  53  69   7   0   4 0.00  0.0    0  4.4 16 280   M    M   0        23 280
18  81  54  68   6   0   3 0.00  0.0    0  4.6 14 160   M    M   0        17 120
19  79  53  66   4   0   1 0.00  0.0    0  4.9 14 160   M    M   0 8      18 110
20  72  54  63   1   2   0 0.00  0.0    0  5.2 14 200   M    M   2        17 190
21  66  56  61  -1   4   0 0.00  0.0    0  5.1 12 220   M    M   9        17 210
22  65  56  61  -1   4   0 0.00  0.0    0  4.8 13 170   M    M   7        18 140
23  66  52  59  -4   6   0 0.00  0.0    0  3.5 13 200   M    M   5        14 170
24  63  57  60  -3   5   0 0.00  0.0    0  4.8 12 140   M    M   9        15 180
25  62  54  58  -5   7   0 0.15  0.0    0  4.7 14 180   M    M   8 1      17 330
================================================================================
SM 1844 1316        63  23  0.25     0.0 125.5          M       52
================================================================================
AV 73.8 52.6                               5.0 FASTST   M    M   2    MAX(MPH)
                                 MISC ---->  # 24 330               # 32  350
================================================================================
NOTES:
# LAST OF SEVERAL OCCURRENCES

COLUMN 17 PEAK WIND IN M.P.H.

PRELIMINARY LOCAL CLIMATOLOGICAL DATA (WS FORM: F-6) , PAGE 2

                                          STATION:  BOB HOPE AIRPORT (BURBANK) CA
                                          MONTH:    APRIL
                                          YEAR:     2015
                                          LATITUDE:   34 12 N
                                          LONGITUDE: 118 22 W

[TEMPERATURE DATA]      [PRECIPITATION DATA]       SYMBOLS USED IN COLUMN 16

AVERAGE MONTHLY: 63.2   TOTAL FOR MONTH:   0.25    1 = FOG OR MIST
DPTR FM NORMAL:   2.0   DPTR FM NORMAL:   -0.73    2 = FOG REDUCING VISIBILITY
HIGHEST:    84 ON 17, 3 GRTST 24HR  0.15 ON 25-25      TO 1/4 MILE OR LESS
LOWEST:     44 ON  8                               3 = THUNDER
                        SNOW, ICE PELLETS, HAIL    4 = ICE PELLETS
                        TOTAL MONTH:   0.0 INCH    5 = HAIL
                        GRTST 24HR     0.0         6 = FREEZING RAIN OR DRIZZLE
                        GRTST DEPTH:   0           7 = DUSTSTORM OR SANDSTORM:
                                                       VSBY 1/2 MILE OR LESS
                                                   8 = SMOKE OR HAZE
[NO. OF DAYS WITH]      [WEATHER - DAYS WITH]      9 = BLOWING SNOW
                                                   X = TORNADO
MAX 32 OR BELOW:   0    0.01 INCH OR MORE:   2
MAX 90 OR ABOVE:   0    0.10 INCH OR MORE:   2
MIN 32 OR BELOW:   0    0.50 INCH OR MORE:   0
MIN  0 OR BELOW:   0    1.00 INCH OR MORE:   0

[HDD (BASE 65) ]
TOTAL THIS MO.    63    CLEAR  (SCALE 0-3)  19
DPTR FM NORMAL   -60    PTCLDY (SCALE 4-7)   4
TOTAL FM JUL 1   669    CLOUDY (SCALE 8-10)  2
DPTR FM NORMAL  -813

[CDD (BASE 65) ]
TOTAL THIS MO.    23
DPTR FM NORMAL    -6    [PRESSURE DATA]
TOTAL FM JAN 1   178    HIGHEST SLP M ON M
DPTR FM NORMAL   133    LOWEST  SLP 29.78 ON 20

[REMARKS]
