000
CXUS56 KMTR 271000
CF6CCR
PRELIMINARY LOCAL CLIMATOLOGICAL DATA (WS FORM: F-6)

                                          STATION:   CONCORD AIRPORT
                                          MONTH:     APRIL
                                          YEAR:      2015
                                          LATITUDE:   37 58 N
                                          LONGITUDE: 122  3 W

  TEMPERATURE IN F:       :PCPN:    SNOW:  WIND      :SUNSHINE: SKY     :PK WND
================================================================================
1   2   3   4   5  6A  6B    7    8   9   10  11  12  13   14  15   16   17  18
                                     12Z  AVG MX 2MIN
DY MAX MIN AVG DEP HDD CDD  WTR  SNW DPTH SPD SPD DIR MIN PSBL S-S WX    SPD DR
================================================================================

 1  69  44  57   1   8   0 0.00  0.0    0  7.2 16 310   M    M   0        21 310
 2  73  43  58   2   7   0 0.00  0.0    0  6.5 17 340   M    M   0        22 330
 3  76  43  60   3   5   0 0.00  0.0    0  6.6 16 320   M    M   0        20 330
 4  71  46  59   2   6   0 0.00  0.0    0  9.7 21 280   M    M   0        26 270
 5  60  46  53  -4  12   0 0.03    M    0  8.9 20 220   M    M   4 1      24 210
 6  64  42  53  -4  12   0 0.00  0.0    0  9.5 18 180   M    M   2        27 220
 7   M   M   M   M   M   M 0.54    M    M   M   M   M   M    M   M         M  M
 8  64  44  54  -3  11   0 0.00  0.0    M  4.0 13 340   M    M   1        18 350
 9  70  42  56  -1   9   0 0.00  0.0    0  4.5  9 260   M    M   0        14 360
10  73  45  59   1   6   0 0.00  0.0    0  5.8 16 310   M    M   0        20 340
11  75  49  62   4   3   0 0.00  0.0    0  7.5 18 300   M    M   0        23 310
12  80  49  65   7   0   0 0.00  0.0    0  4.3 13 300   M    M   0        17 320
13  71  46  59   1   6   0 0.00  0.0    0  8.1 18 260   M    M   0        23 270
14  68  44  56  -2   9   0 0.00  0.0    0  8.8 23 290   M    M   0        27 290
15  76  41  59   1   6   0 0.00  0.0    0  4.1 15 320   M    M   0        17 360
16  81  50  66   7   0   1 0.00  0.0    0  6.3 18 290   M    M   0        24  10
17  84  47  66   7   0   1 0.00  0.0    0  5.4 17 280   M    M   0        20 290
18  80  48  64   5   1   0 0.00  0.0    0  5.7 17 330   M    M   0        19 330
19  79  49  64   5   1   0 0.00  0.0    0  7.1 17 300   M    M   0        21 300
20  70  53  62   3   3   0 0.00  0.0    0 10.6 17 250   M    M   4        22 270
21  65  54  60   0   5   0 0.00  0.0    0 15.7 25 200   M    M   6        32 200
22  74  54  64   4   1   0 0.00  0.0    0  8.9 20 190   M    M   4        27 190
23  74  52  63   3   2   0 0.00  0.0    0 13.5 26 190   M    M   1 18     34 190
24  68  53  61   1   4   0 0.12  0.0    0 13.3 22 210   M    M   3 1      27 240
25  69  53  61   1   4   0 0.18  0.0    0  9.2 20 300   M    M   5 1      25 240
26  77  50  64   4   1   0 0.00  0.0    0  6.0 15 300   M    M   0        19 280
================================================================================
SM 1811 1187       122   2  0.87     0.0 197.2          M       30
================================================================================
AV 72.4 47.5                               7.9 FASTST   M    M   1    MAX(MPH)
                                 MISC ---->  # 26 190               # 34  190
================================================================================
NOTES:
# LAST OF SEVERAL OCCURRENCES

COLUMN 17 PEAK WIND IN M.P.H.

PRELIMINARY LOCAL CLIMATOLOGICAL DATA (WS FORM: F-6) , PAGE 2

                                          STATION:  CONCORD AIRPORT
                                          MONTH:    APRIL
                                          YEAR:     2015
                                          LATITUDE:   37 58 N
                                          LONGITUDE: 122  3 W

[TEMPERATURE DATA]      [PRECIPITATION DATA]       SYMBOLS USED IN COLUMN 16

AVERAGE MONTHLY: 60.0   TOTAL FOR MONTH:   0.87    1 = FOG OR MIST
DPTR FM NORMAL:   1.7   DPTR FM NORMAL:   -0.17    2 = FOG REDUCING VISIBILITY
HIGHEST:    84 ON 17    GRTST 24HR  0.54 ON  7- 7      TO 1/4 MILE OR LESS
LOWEST:     41 ON 15                               3 = THUNDER
                        SNOW, ICE PELLETS, HAIL    4 = ICE PELLETS
                        TOTAL MONTH:   0.0 INCH    5 = HAIL
                        GRTST 24HR     0.0         6 = FREEZING RAIN OR DRIZZLE
                        GRTST DEPTH:   0           7 = DUSTSTORM OR SANDSTORM:
                                                       VSBY 1/2 MILE OR LESS
                                                   8 = SMOKE OR HAZE
[NO. OF DAYS WITH]      [WEATHER - DAYS WITH]      9 = BLOWING SNOW
                                                   X = TORNADO
MAX 32 OR BELOW:   0    0.01 INCH OR MORE:   4
MAX 90 OR ABOVE:   0    0.10 INCH OR MORE:   3
MIN 32 OR BELOW:   0    0.50 INCH OR MORE:   1
MIN  0 OR BELOW:   0    1.00 INCH OR MORE:   0

[HDD (BASE 65) ]
TOTAL THIS MO.   122    CLEAR  (SCALE 0-3)  19
DPTR FM NORMAL   -61    PTCLDY (SCALE 4-7)   6
TOTAL FM JUL 1  1444    CLOUDY (SCALE 8-10)  0
DPTR FM NORMAL  -902

[CDD (BASE 65) ]
TOTAL THIS MO.     2
DPTR FM NORMAL    -5    [PRESSURE DATA]
TOTAL FM JAN 1    11    HIGHEST SLP M ON M
DPTR FM NORMAL     2    LOWEST  SLP 29.82 ON  6

[REMARKS]
