000
CXUS56 KEKA 011255
CF6CEC
PRELIMINARY LOCAL CLIMATOLOGICAL DATA (WS FORM: F-6)

                                          STATION:   CRESCENT CITY CA
                                          MONTH:     MARCH
                                          YEAR:      2015
                                          LATITUDE:   41 46 N
                                          LONGITUDE: 124 14 W

  TEMPERATURE IN F:       :PCPN:    SNOW:  WIND      :SUNSHINE: SKY     :PK WND
================================================================================
1   2   3   4   5  6A  6B    7    8   9   10  11  12  13   14  15   16   17  18
                                     12Z  AVG MX 2MIN
DY MAX MIN AVG DEP HDD CDD  WTR  SNW DPTH SPD SPD DIR MIN PSBL S-S WX    SPD DR
================================================================================

 1  59  41  50   2  15   0 0.00  0.0    0 11.8 26 340   M    M   0        37 350
 2  54  43  49   1  16   0    T    M    0 15.0 28 330   M    M   3        42 330
 3  55  37  46  -2  19   0 0.00  0.0    0  7.4 21 340   M    M   0 18     27 340
 4  57  36  47  -1  18   0 0.00  0.0    0  4.7  9 340   M    M   0 18     12 330
 5  60  38  49   1  16   0 0.00  0.0    0  4.5 10 190   M    M   0        12 170
 6  55  39  47  -1  18   0 0.00  0.0    0  6.5 15 330   M    M   1 18     18 330
 7  50  39  45  -3  20   0 0.00  0.0    0  4.0 12 150   M    M  10 2      13 160
 8  51  43  47  -1  18   0 0.00  0.0    0  2.7  8 280   M    M  10 2      10 270
 9  52  47  50   2  15   0 0.00  0.0    0  5.8 14 160   M    M  10 1      16 160
10  56  46  51   3  14   0    T  0.0    0 10.7 21 190   M    M  10 1      24 180
11  56  51  54   6  11   0 0.49  0.0    0  7.0 18 150   M    M   9 1      25 160
12  61  50  56   8   9   0 0.04  0.0    0  5.7 12 330   M    M   4 2      15 360
13  56  51  54   6  11   0 0.01  0.0    0  8.5 16 180   M    M   7 2      18 180
14  60  53  57   9   8   0 0.24  0.0    0  8.3 17 150   M    M   9 1      23 150
15  59  50  55   7  10   0 1.00  0.0    0 12.1 29 200   M    M   8 1      37 190
16  58  43  51   3  14   0 0.00  0.0    0  4.2 12 200   M    M   4 2      15 180
17  57  47  52   4  13   0 0.00  0.0    0  5.7 10 290   M    M   6        13 180
18  60  42  51   3  14   0 0.00  0.0    0  9.1 21 330   M    M   0 18     29 320
19  58  41  50   2  15   0 0.00  0.0    0  3.7 10 320   M    M   2 1      12 160
20  59  45  52   3  13   0 0.62    M    0 10.0 22 160   M    M   5 1      28 160
21  58  48  53   4  12   0 0.04    M    0  4.1  9 260   M    M   3 1      13 250
22  55  49  52   3  13   0 0.77    M    0 10.9 25 230   M    M   9 1      35 240
23  54  47  51   2  14   0 1.80    M    0 18.5 32 180   M    M   7 1      43 180
24  56  49  53   4  12   0 0.12    M    0  5.8 15 190   M    M  10 1      18 190
25  60  48  54   5  11   0 0.00  0.0    0  6.5 14 330   M    M   4 1      18 330
26  55  50  53   4  12   0 0.00  0.0    0  5.3 14 340   M    M  10 2      17 330
27  58  49  54   5  11   0 0.12    M    0  5.5 13 310   M    M  10 1      15 310
28  58  43  51   2  14   0    T    M    0  9.2 22 330   M    M   0 18     29 330
29  59  43  51   2  14   0 0.00  0.0    0  7.7 15 340   M    M   2 2      19 350
30  55  50  53   4  12   0 0.03  0.0    0  5.6 15 200   M    M   8 1      19 200
31  58  44  51   2  14   0 0.20  0.0    0  6.6 17 280   M    M   3 18     25 280
================================================================================
SM 1759 1402       426   0  5.48     0.0 233.1          M      164
================================================================================
AV 56.7 45.2                               7.5 FASTST   M    M   5    MAX(MPH)
                                 MISC ---->  # 32 180               # 43  180
================================================================================
NOTES:
# LAST OF SEVERAL OCCURRENCES

COLUMN 17 PEAK WIND IN M.P.H.

PRELIMINARY LOCAL CLIMATOLOGICAL DATA (WS FORM: F-6) , PAGE 2

                                          STATION:  CRESCENT CITY CA
                                          MONTH:    MARCH
                                          YEAR:     2015
                                          LATITUDE:   41 46 N
                                          LONGITUDE: 124 14 W

[TEMPERATURE DATA]      [PRECIPITATION DATA]       SYMBOLS USED IN COLUMN 16

AVERAGE MONTHLY: 51.0   TOTAL FOR MONTH:   5.48    1 = FOG OR MIST
DPTR FM NORMAL:   2.5   DPTR FM NORMAL:   -2.38    2 = FOG REDUCING VISIBILITY
HIGHEST:    61 ON 12    GRTST 24HR  1.80 ON 23-23      TO 1/4 MILE OR LESS
LOWEST:     36 ON  4                               3 = THUNDER
                        SNOW, ICE PELLETS, HAIL    4 = ICE PELLETS
                        TOTAL MONTH:   0.0 INCH    5 = HAIL
                        GRTST 24HR     0.0         6 = FREEZING RAIN OR DRIZZLE
                        GRTST DEPTH:   0           7 = DUSTSTORM OR SANDSTORM:
                                                       VSBY 1/2 MILE OR LESS
                                                   8 = SMOKE OR HAZE
[NO. OF DAYS WITH]      [WEATHER - DAYS WITH]      9 = BLOWING SNOW
                                                   X = TORNADO
MAX 32 OR BELOW:   0    0.01 INCH OR MORE:  13
MAX 90 OR ABOVE:   0    0.10 INCH OR MORE:   9
MIN 32 OR BELOW:   0    0.50 INCH OR MORE:   4
MIN  0 OR BELOW:   0    1.00 INCH OR MORE:   2

[HDD (BASE 65) ]
TOTAL THIS MO.   426    CLEAR  (SCALE 0-3)  12
DPTR FM NORMAL   -87    PTCLDY (SCALE 4-7)   9
TOTAL FM JUL 1  2647    CLOUDY (SCALE 8-10) 10
DPTR FM NORMAL -1039

[CDD (BASE 65) ]
TOTAL THIS MO.     0
DPTR FM NORMAL     0    [PRESSURE DATA]
TOTAL FM JAN 1     0    HIGHEST SLP 30.40 ON 28
DPTR FM NORMAL     0    LOWEST  SLP 29.83 ON 15

[REMARKS]
#FINAL-03-15#
