000
CXUS54 KCRP 011300
CF6COT
PRELIMINARY LOCAL CLIMATOLOGICAL DATA (WS FORM: F-6)

                                          STATION:   COTULLA
                                          MONTH:     MARCH
                                          YEAR:      2015
                                          LATITUDE:   28 27 N
                                          LONGITUDE:  99 13 W

  TEMPERATURE IN F:       :PCPN:    SNOW:  WIND      :SUNSHINE: SKY     :PK WND
================================================================================
1   2   3   4   5  6A  6B    7    8   9   10  11  12  13   14  15   16   17  18
                                     12Z  AVG MX 2MIN
DY MAX MIN AVG DEP HDD CDD  WTR  SNW DPTH SPD SPD DIR MIN PSBL S-S WX    SPD DR
================================================================================

 1  51  42  47 -15  18   0 0.01    M    0  5.1  9  10   M    M  10 1      18 360
 2  49  45  47 -15  18   0 0.04    M    0  6.2 12  40   M    M  10 1      16  60
 3  60  48  54  -8  11   0 0.03    M    0  5.0 13  80   M    M  10 18     15  90
 4  71  42  57  -6   8   0    T    M    0  6.9 31  10   M    M  10 1      39  10
 5  53  38  46 -17  19   0 0.04    M    0 13.1 23  10   M    M   6 1      30  10
 6  53  33  43 -20  22   0 0.00  0.0    0  5.4 14 140   M    M   6        20 140
 7  67  41  54  -9  11   0    T    M    0  6.1 16 120   M    M   6 8      19 120
 8  59  52  56  -8   9   0 0.91  0.0    0  5.2 16 120   M    M   9 13     20 120
 9  65  55  60  -4   5   0 0.37  0.0    0  4.0 13 130   M    M   9 1      15 130
10  73  54  64   0   1   0 0.00  0.0    0  5.4 12  90   M    M   4 12     15 110
11  61  51  56  -8   9   0 0.00  0.0    0  5.9 15  10   M    M   5 1      20  30
12  77  49  63  -2   2   0 0.00  0.0    0  4.6 15 350   M    M   3 1      20 330
13  80  52  66   1   0   1 0.00  0.0    0  4.3 10  50   M    M   1 1      14  50
14  81  53  67   2   0   2 0.00  0.0    0  6.0 14  30   M    M   1        20  40
15  76  59  68   3   0   3 0.00  0.0    0  7.1 15  70   M    M   0        20  70
16  70  58  64  -2   1   0    T  0.0    0  5.5 13 110   M    M   9 8      17 120
17  71  63  67   1   0   2 0.42  0.0    0  4.2 32 120   M    M  10 1      40 130
18  71  63  67   1   0   2 0.06  0.0    0  4.5 13  80   M    M   5 1      16 140
19  78  67  73   7   0   8 0.00  0.0    0  7.2 14 140   M    M   8 18     17 130
20  74  62  68   1   0   3 0.40  0.0    0  8.2 20  10   M    M  10 18     25 360
21  66  61  64  -3   1   0 1.24  0.0    0  6.8 17  30   M    M  10 1      23  30
22  82  59  71   4   0   6 0.00  0.0    0  4.4 12 320   M    M   5 1      14 320
23  85  60  73   6   0   8 0.00  0.0    0  7.1 16 140   M    M   1 18     19 140
24  88  60  74   6   0   9 0.00  0.0    0  8.8 15 140   M    M   1 1      20 140
25  81  63  72   4   0   7 0.00  0.0    0  8.7 17 150   M    M   6 18     22 140
26  72  58  65  -3   0   0 0.03  0.0    0 10.6 28  10   M    M   5 138    35  20
27  81  45  63  -5   2   0 0.00  0.0    0  5.1 12  20   M    M   0 8      17 330
28  88  50  69   0   0   4 0.00  0.0    0  8.6 16 170   M    M   0        23 170
29  88  56  72   3   0   7 0.00  0.0    0  9.8 20 150   M    M   0 8      26 150
30  87  65  76   7   0  11 0.00  0.0    0 10.0 17 130   M    M   2        22 140
31  75  67  71   2   0   6    T  0.0    0  7.1 14 140   M    M   6 1      18 150
================================================================================
SM 2233 1671       137  79  3.55     0.0 206.9          M      168
================================================================================
AV 72.0 53.9                               6.7 FASTST   M    M   5    MAX(MPH)
                                 MISC ---->  # 32 120               # 40  130
================================================================================
NOTES:
# LAST OF SEVERAL OCCURRENCES

COLUMN 17 PEAK WIND IN M.P.H.

PRELIMINARY LOCAL CLIMATOLOGICAL DATA (WS FORM: F-6) , PAGE 2

                                          STATION:  COTULLA
                                          MONTH:    MARCH
                                          YEAR:     2015
                                          LATITUDE:   28 27 N
                                          LONGITUDE:  99 13 W

[TEMPERATURE DATA]      [PRECIPITATION DATA]       SYMBOLS USED IN COLUMN 16

AVERAGE MONTHLY: 63.0   TOTAL FOR MONTH:   3.55    1 = FOG OR MIST
DPTR FM NORMAL:  -2.6   DPTR FM NORMAL:    1.76    2 = FOG REDUCING VISIBILITY
HIGHEST:    88 ON 29,28 GRTST 24HR  1.24 ON 21-21      TO 1/4 MILE OR LESS
LOWEST:     33 ON  6                               3 = THUNDER
                        SNOW, ICE PELLETS, HAIL    4 = ICE PELLETS
                        TOTAL MONTH:   0.0 INCH    5 = HAIL
                        GRTST 24HR     0.0         6 = FREEZING RAIN OR DRIZZLE
                        GRTST DEPTH:   0           7 = DUSTSTORM OR SANDSTORM:
                                                       VSBY 1/2 MILE OR LESS
                                                   8 = SMOKE OR HAZE
[NO. OF DAYS WITH]      [WEATHER - DAYS WITH]      9 = BLOWING SNOW
                                                   X = TORNADO
MAX 32 OR BELOW:   0    0.01 INCH OR MORE:  11
MAX 90 OR ABOVE:   0    0.10 INCH OR MORE:   5
MIN 32 OR BELOW:   0    0.50 INCH OR MORE:   2
MIN  0 OR BELOW:   0    1.00 INCH OR MORE:   1

[HDD (BASE 65) ]
TOTAL THIS MO.   137    CLEAR  (SCALE 0-3)  10
DPTR FM NORMAL    41    PTCLDY (SCALE 4-7)  10
TOTAL FM JUL 1  1036    CLOUDY (SCALE 8-10) 11
DPTR FM NORMAL   -38

[CDD (BASE 65) ]
TOTAL THIS MO.    79
DPTR FM NORMAL   -36    [PRESSURE DATA]
TOTAL FM JAN 1   117    HIGHEST SLP 30.64 ON  6
DPTR FM NORMAL   -53    LOWEST  SLP 29.74 ON  4

[REMARKS]
#FINAL-03-15#
