000
CXUS54 KFWD 250730
CF6CPT
PRELIMINARY LOCAL CLIMATOLOGICAL DATA (WS FORM: F-6)

                                          STATION:   CLEBURNE
                                          MONTH:     APRIL
                                          YEAR:      2015
                                          LATITUDE:   32 20 N
                                          LONGITUDE:  97 24 W

  TEMPERATURE IN F:       :PCPN:    SNOW:  WIND      :SUNSHINE: SKY     :PK WND
================================================================================
1   2   3   4   5  6A  6B    7    8   9   10  11  12  13   14  15   16   17  18
                                     12Z  AVG MX 2MIN
DY MAX MIN AVG DEP HDD CDD  WTR  SNW DPTH SPD SPD DIR MIN PSBL S-S WX    SPD DR
================================================================================

 1  79  64  72  11   0   7 0.00  0.0    0 12.3 20 160   M    M   3 13     21 170
 2  84  66  75  14   0  10 0.00  0.0    0 15.9 22 160   M    M   4 1      28 160
 3  73  57  65   4   0   0 0.00  0.0    0 14.5 23 360   M    M   3 8      35 360
 4  68  50  59  -3   6   0 0.00  0.0    0  8.9 14  20   M    M   2 38     20  40
 5  57  52  55  -7  10   0 0.56  0.0    0  9.0 13 110   M    M  10 123     M  M
 6  82  57  70   8   0   5 0.00  0.0    0 14.1 20 190   M    M   5 12     28 160
 7  81  68  75  13   0  10 0.00  0.0    0 13.7 20 170   M    M   6 18     25 190
 8  73  66  70   7   0   5 0.00  0.0    0 14.3 20 160   M    M   4 1      27 160
 9  84  66  75  12   0  10 0.01  0.0    0 10.5 16 170   M    M   4 3      23 170
10  70  54  62  -1   3   0 0.00  0.0    0  9.2 17  20   M    M   0        21  10
11  72  54  63  -1   2   0 0.00  0.0    0  6.2 10 110   M    M   6 1       M  M
12  77  64  71   7   0   6 0.00  0.0    0  9.4 13 140   M    M   8 1      17 140
13  77  57  67   3   0   2 0.43  0.0    0 12.2 22  10   M    M   8 13     28  10
14  59  54  57  -7   8   0 0.00  0.0    0  7.8 14  20   M    M  10 1      16 350
15  75  50  63  -2   2   0 0.00  0.0    0  5.5 12 130   M    M   2        14 120
16  77  61  69   4   0   4 0.00  0.0    0  9.5 16 150   M    M   3 13     24  80
17  75  61  68   3   0   3 1.65  0.0    0  9.4 17  60   M    M   8 13     24  60
18  79  57  68   2   0   3 0.56  0.0    0  5.1 16  60   M    M   4 123    22  60
19  75  55  65  -1   0   0 0.00  0.0    0 11.1 21 290   M    M   1 1      25 280
20  68  45  57  -9   8   0 0.00  0.0    0  6.3 15  10   M    M   0        17 330
21  73  54  64  -2   1   0 0.00  0.0    0  8.7 13 150   M    M   4        17 160
22  79  63  71   5   0   6 0.00  0.0    0  8.5 15 170   M    M   6 3       M  M
23  79  64  72   5   0   7 0.06  0.0    0  7.5 13 140   M    M   5 1      18 160
24  79  63  71   4   0   6 0.88  0.0    0  8.5 16 170   M    M   8 13     17 170
================================================================================
SM 1795 1402        40  84  4.15     0.0 238.1          M      114
================================================================================
AV 74.8 58.4                               9.9 FASTST   M    M   5    MAX(MPH)
                                 MISC ---->  # 23 360               # 35  360
================================================================================
NOTES:
# LAST OF SEVERAL OCCURRENCES

COLUMN 17 PEAK WIND IN M.P.H.

PRELIMINARY LOCAL CLIMATOLOGICAL DATA (WS FORM: F-6) , PAGE 2

                                          STATION:  CLEBURNE
                                          MONTH:    APRIL
                                          YEAR:     2015
                                          LATITUDE:   32 20 N
                                          LONGITUDE:  97 24 W

[TEMPERATURE DATA]      [PRECIPITATION DATA]       SYMBOLS USED IN COLUMN 16

AVERAGE MONTHLY: 66.6   TOTAL FOR MONTH:   4.15    1 = FOG OR MIST
DPTR FM NORMAL:   2.6   DPTR FM NORMAL:    1.92    2 = FOG REDUCING VISIBILITY
HIGHEST:    84 ON  9, 2 GRTST 24HR  1.65 ON 17-17      TO 1/4 MILE OR LESS
LOWEST:     45 ON 20                               3 = THUNDER
                        SNOW, ICE PELLETS, HAIL    4 = ICE PELLETS
                        TOTAL MONTH:   0.0 INCH    5 = HAIL
                        GRTST 24HR     0.0         6 = FREEZING RAIN OR DRIZZLE
                        GRTST DEPTH:   0           7 = DUSTSTORM OR SANDSTORM:
                                                       VSBY 1/2 MILE OR LESS
                                                   8 = SMOKE OR HAZE
[NO. OF DAYS WITH]      [WEATHER - DAYS WITH]      9 = BLOWING SNOW
                                                   X = TORNADO
MAX 32 OR BELOW:   0    0.01 INCH OR MORE:   7
MAX 90 OR ABOVE:   0    0.10 INCH OR MORE:   5
MIN 32 OR BELOW:   0    0.50 INCH OR MORE:   4
MIN  0 OR BELOW:   0    1.00 INCH OR MORE:   1

[HDD (BASE 65) ]
TOTAL THIS MO.    40    CLEAR  (SCALE 0-3)   7
DPTR FM NORMAL   -47    PTCLDY (SCALE 4-7)  14
TOTAL FM JUL 1  2345    CLOUDY (SCALE 8-10)  3
DPTR FM NORMAL   -86

[CDD (BASE 65) ]
TOTAL THIS MO.    84
DPTR FM NORMAL    21    [PRESSURE DATA]
TOTAL FM JAN 1   115    HIGHEST SLP M ON M
DPTR FM NORMAL    29    LOWEST  SLP M ON M

[REMARKS]
