000
CXUS53 KLMK 270800
CF6FFT
PRELIMINARY LOCAL CLIMATOLOGICAL DATA (WS FORM: F-6)

                                          STATION:   FRANKFORT KY
                                          MONTH:     APRIL
                                          YEAR:      2015
                                          LATITUDE:   38 10 N
                                          LONGITUDE:  84 54 W

  TEMPERATURE IN F:       :PCPN:    SNOW:  WIND      :SUNSHINE: SKY     :PK WND
================================================================================
1   2   3   4   5  6A  6B    7    8   9   10  11  12  13   14  15   16   17  18
                                     12Z  AVG MX 2MIN
DY MAX MIN AVG DEP HDD CDD  WTR  SNW DPTH SPD SPD DIR MIN PSBL S-S WX    SPD DR
================================================================================

 1  65  31  48  -2  17   0 0.00    M    M  5.0 14 140   M    M   0 18     19 100
 2  74  44  59   8   6   0 1.32    M    M 10.5 26 210   M    M   4 13     34 220
 3  68  46  57   6   8   0 5.26    M    M  8.8 25 330   M    M   9 13     36 330
 4  55  35  45  -6  20   0 0.00    M    M  6.0 17 340   M    M   1        22 330
 5  64  30  47  -5  18   0 0.00    M    M  4.3 16 190   M    M   0        21 190
 6  70  43  57   5   8   0 0.00    M    M  8.0 24 200   M    M   7        32 200
 7  73  51  62  10   3   0 1.96    M    M  5.8 20 340   M    M   9 123    26 160
 8  78  52  65  12   0   0 0.47    M    M  7.4 31 210   M    M   7 123    45 200
 9  82  61  72  19   0   7 0.03    M    M 12.3 29 220   M    M   1 3      37 230
10  74  46  60   6   5   0 0.24    M    M 10.5 32 220   M    M   3 13     41 220
11  63  38  51  -3  14   0 0.00    M    M  5.3 13  90   M    M   0        21  70
12  77  42  60   6   5   0 0.00    M    M  3.8  9 170   M    M   0        14  60
13  79  52  66  12   0   1 0.18    M    M  7.8 23 190   M    M   6 1      29 180
14  62  53  58   3   7   0 0.51    M    M  8.5 16  30   M    M  10 1      24  30
15  61  54  58   3   7   0 0.02    M    M  9.8 17  80   M    M  10        27  80
16  73  56  65  10   0   0 0.02    M    M  7.4 18 210   M    M   7 3      23 220
17  74  56  65   9   0   0 0.00    M    M  3.4  9 200   M    M   5 1      17 200
18  78  48  63   7   2   0 0.00    M    M  3.6 13 110   M    M   0 12     17  80
19  72  57  65   9   0   0 0.47    M    M  9.9 21 220   M    M   9 13     28 230
20  63  46  55  -2  10   0 0.11    M    M 10.7 20 250   M    M   9 13     29 220
21  64  39  52  -5  13   0 0.00    M    M 13.3 28 230   M    M   3        40 230
22  60  38  49  -8  16   0 0.09    M    M 10.6 23 280   M    M   2 13     34 280
23  59  34  47 -11  18   0 0.00    M    M  7.4 22 270   M    M   0        31 260
24  61  30  46 -12  19   0 0.00    M    M  3.8 10 120   M    M   2        17 170
25  56  45  51  -7  14   0 0.40    M    M  8.0 15  40   M    M  10 13     20  60
26  62  43  53  -5  12   0 0.01    M    M  7.7 14  20   M    M   4 1      20  10
================================================================================
SM 1767 1170       222   8 11.09    M    199.6          M      118
================================================================================
AV 68.0 45.0                               7.7 FASTST   M    M   5    MAX(MPH)
                                 MISC ---->  # 32 220               # 45  200
================================================================================
NOTES:
# LAST OF SEVERAL OCCURRENCES

COLUMN 17 PEAK WIND IN M.P.H.

PRELIMINARY LOCAL CLIMATOLOGICAL DATA (WS FORM: F-6) , PAGE 2

                                          STATION:  FRANKFORT KY
                                          MONTH:    APRIL
                                          YEAR:     2015
                                          LATITUDE:   38 10 N
                                          LONGITUDE:  84 54 W

[TEMPERATURE DATA]      [PRECIPITATION DATA]       SYMBOLS USED IN COLUMN 16

AVERAGE MONTHLY: 56.5   TOTAL FOR MONTH:  11.09    1 = FOG OR MIST
DPTR FM NORMAL:   2.0   DPTR FM NORMAL:    7.97    2 = FOG REDUCING VISIBILITY
HIGHEST:    82 ON  9    GRTST 24HR  5.33 ON  2- 3      TO 1/4 MILE OR LESS
LOWEST:     30 ON 24, 5                            3 = THUNDER
                        SNOW, ICE PELLETS, HAIL    4 = ICE PELLETS
                        TOTAL MONTH:    M          5 = HAIL
                        GRTST 24HR    M  ON   M    6 = FREEZING RAIN OR DRIZZLE
                        GRTST DEPTH:  M  ON   M    7 = DUSTSTORM OR SANDSTORM:
                                                       VSBY 1/2 MILE OR LESS
                                                   8 = SMOKE OR HAZE
[NO. OF DAYS WITH]      [WEATHER - DAYS WITH]      9 = BLOWING SNOW
                                                   X = TORNADO
MAX 32 OR BELOW:   0    0.01 INCH OR MORE:  15
MAX 90 OR ABOVE:   0    0.10 INCH OR MORE:  10
MIN 32 OR BELOW:   3    0.50 INCH OR MORE:   4
MIN  0 OR BELOW:   0    1.00 INCH OR MORE:   3

[HDD (BASE 65) ]
TOTAL THIS MO.   222    CLEAR  (SCALE 0-3)  11
DPTR FM NORMAL   -66    PTCLDY (SCALE 4-7)   8
TOTAL FM JUL 1  5014    CLOUDY (SCALE 8-10)  7
DPTR FM NORMAL   462

[CDD (BASE 65) ]
TOTAL THIS MO.     8
DPTR FM NORMAL   -10    [PRESSURE DATA]
TOTAL FM JAN 1     8    HIGHEST SLP M ON M
DPTR FM NORMAL   -12    LOWEST  SLP 29.47 ON 19

[REMARKS]
