000
CXUS51 KCAR 240600
CF6FVE
PRELIMINARY LOCAL CLIMATOLOGICAL DATA (WS FORM: F-6)

                                          STATION:   FRENCHVILLE ME
                                          MONTH:     APRIL
                                          YEAR:      2015
                                          LATITUDE:   47 16 N
                                          LONGITUDE:  68 19 W

  TEMPERATURE IN F:       :PCPN:    SNOW:  WIND      :SUNSHINE: SKY     :PK WND
================================================================================
1   2   3   4   5  6A  6B    7    8   9   10  11  12  13   14  15   16   17  18
                                     12Z  AVG MX 2MIN
DY MAX MIN AVG DEP HDD CDD  WTR  SNW DPTH SPD SPD DIR MIN PSBL S-S WX    SPD DR
================================================================================

 1  24  10  17 -13  48   0 0.00    M    M 15.4 25 320   M    M   1        33 330
 2  34  13  24  -6  41   0 0.03    M    M  8.9 21 160   M    M   5 1      27 150
 3  53  29  41  10  24   0 0.11    M    M 10.6 22 250   M    M   7 126    31 230
 4  36  13  25  -6  40   0 0.04    M    M 16.4 33 330   M    M   7 128    41 330
 5  21   5  13 -19  52   0 0.02    M    M  9.9 24 290   M    M   5 18     34 310
 6  30  -1  15 -17  50   0 0.00    M    M  7.5 21 230   M    M   1        27 220
 7  34  10  22 -10  43   0 0.00    M    M 10.6 22 320   M    M   0        29 340
 8  35  14  25  -8  40   0 0.00    M    M  5.4 18 320   M    M   0        23 320
 9  40  21  31  -3  34   0 0.00    M    M 10.0 18 150   M    M   0        23  50
10  37  26  32  -2  33   0 0.37    M    M 14.5 26 160   M    M  10 126    33 160
11  40  32  36   2  29   0 0.02    M    M 17.9 35 290   M    M   8 12     42 280
12  51  30  41   6  24   0    T    M    M  8.3 21 290   M    M   4        28 290
13  62  33  48  12  17   0 0.00    M    M  9.0 18 150   M    M   0        25 170
14  53  40  47  11  18   0 0.03    M    M 15.3 30 290   M    M   5        43 260
15  43  30  37   0  28   0 0.00    M    M 14.2 26 330   M    M   0        32 340
16  51  26  39   2  26   0 0.00    M    M  8.9 15 200   M    M   0        22 200
17  63  35  49  11  16   0    T    M    M 10.9 24 340   M    M   5        30 330
18  48  30  39   1  26   0 0.00  0.0    M  6.9 14 350   M    M   5        19 350
19  48  29  39   0  26   0 0.00    M    M 11.8 25 330   M    M   2        33 290
20  49  28  39   0  26   0 0.04    M    M 12.0 28 160   M    M   3 1      38 150
21  40  34  37  -3  28   0 0.57    M    M 12.8 30 140   M    M  10 12     40 140
22  54  34  44   4  21   0 0.00    M    M  6.9 16 100   M    M   7 12     24 110
23  46  33  40  -1  25   0 0.46    M    M 11.9 22 120   M    M  10 1      34  90
================================================================================
SM  992  554       715   0  1.69     0.0 256.0          M       95
================================================================================
AV 43.1 24.1                              11.1 FASTST   M    M   4    MAX(MPH)
                                 MISC ---->  # 35 290               # 43  260
================================================================================
NOTES:
# LAST OF SEVERAL OCCURRENCES

COLUMN 17 PEAK WIND IN M.P.H.

PRELIMINARY LOCAL CLIMATOLOGICAL DATA (WS FORM: F-6) , PAGE 2

                                          STATION:  FRENCHVILLE ME
                                          MONTH:    APRIL
                                          YEAR:     2015
                                          LATITUDE:   47 16 N
                                          LONGITUDE:  68 19 W

[TEMPERATURE DATA]      [PRECIPITATION DATA]       SYMBOLS USED IN COLUMN 16

AVERAGE MONTHLY: 33.6   TOTAL FOR MONTH:   1.69    1 = FOG OR MIST
DPTR FM NORMAL:  -1.6   DPTR FM NORMAL:   -0.47    2 = FOG REDUCING VISIBILITY
HIGHEST:    63 ON 17    GRTST 24HR  0.61 ON 20-21      TO 1/4 MILE OR LESS
LOWEST:     -1 ON  6                               3 = THUNDER
                        SNOW, ICE PELLETS, HAIL    4 = ICE PELLETS
                        TOTAL MONTH:   0.0 INCH    5 = HAIL
                        GRTST 24HR     0.0         6 = FREEZING RAIN OR DRIZZLE
                        GRTST DEPTH:  M  ON   M    7 = DUSTSTORM OR SANDSTORM:
                                                       VSBY 1/2 MILE OR LESS
                                                   8 = SMOKE OR HAZE
[NO. OF DAYS WITH]      [WEATHER - DAYS WITH]      9 = BLOWING SNOW
                                                   X = TORNADO
MAX 32 OR BELOW:   3    0.01 INCH OR MORE:  10
MAX 90 OR ABOVE:   0    0.10 INCH OR MORE:   4
MIN 32 OR BELOW:  17    0.50 INCH OR MORE:   1
MIN  0 OR BELOW:   1    1.00 INCH OR MORE:   0

[HDD (BASE 65) ]
TOTAL THIS MO.   715    CLEAR  (SCALE 0-3)  10
DPTR FM NORMAL    30    PTCLDY (SCALE 4-7)   9
TOTAL FM JUL 1  9295    CLOUDY (SCALE 8-10)  4
DPTR FM NORMAL   319

[CDD (BASE 65) ]
TOTAL THIS MO.     0
DPTR FM NORMAL     0    [PRESSURE DATA]
TOTAL FM JAN 1     0    HIGHEST SLP M ON M
DPTR FM NORMAL     0    LOWEST  SLP 29.38 ON 11

[REMARKS]
