000
CXUS55 KGJT 261000
CF6GJT
PRELIMINARY LOCAL CLIMATOLOGICAL DATA (WS FORM: F-6)

                                          STATION:   GRAND JUNCTION CO
                                          MONTH:     APRIL
                                          YEAR:      2015
                                          LATITUDE:   39  7 N
                                          LONGITUDE: 108 32 W

  TEMPERATURE IN F:       :PCPN:    SNOW:  WIND      :SUNSHINE: SKY     :PK WND
================================================================================
1   2   3   4   5  6A  6B    7    8   9   10  11  12  13   14  15   16   17  18
                                     12Z  AVG MX 2MIN
DY MAX MIN AVG DEP HDD CDD  WTR  SNW DPTH SPD SPD DIR MIN PSBL S-S WX    SPD DR
================================================================================

 1  68  42  55   7  10   0 0.00  0.0    0 10.9 29 260   M    M   0        37 250
 2  61  37  49   1  16   0 0.00  0.0    0 10.4 30 300   M    M   2        41 280
 3  54  22  38 -10  27   0 0.00  0.0    0  4.3 14 330   M    M   0        19 330
 4  64  25  45  -3  20   0 0.00  0.0    0  7.4 17 330   M    M   0 8      24 330
 5  71  35  53   4  12   0 0.00  0.0    0  9.1 24 240   M    M   0        29 240
 6  72  43  58   9   7   0 0.00  0.0    0 13.0 28 210   M    M   0        38 220
 7  69  37  53   4  12   0 0.00  0.0    0 12.8 26 210   M    M   0        34 210
 8  58  33  46  -3  19   0 0.00  0.0    0 14.9 39 270   M    M   3        49 270
 9  60  27  44  -6  21   0 0.00  0.0    0  3.9 13 270   M    M   1        17 280
10  68  33  51   1  14   0 0.00  0.0    0  8.2 23 310   M    M   0        27 310
11  72  35  54   4  11   0 0.00  0.0    0  8.1 21 270   M    M   0        28 270
12  69  34  52   2  13   0 0.00  0.0    0  8.9 23 310   M    M   0        32 330
13  72  33  53   2  12   0 0.00  0.0    0  7.2 17 310   M    M   0        21 310
14  76  39  58   7   7   0 0.00  0.0    0 17.9 37 260   M    M   1 8      45 210
15  53  32  43  -8  22   0 0.00  0.0    0 13.0 28 240   M    M   6        35 330
16  44  29  37 -15  28   0 0.32  2.0    0  5.2 15 350   M    M   7 1      19 320
17  38  31  35 -17  30   0 0.74    T    0  4.4 13 130   M    M  10 1      15 130
18  46  32  39 -13  26   0 0.02  0.0    0  5.9 17 120   M    M   8 12     20 140
19  61  32  47  -6  18   0 0.06  0.0    0  7.2 17 130   M    M   5        20 310
20  67  40  54   1  11   0 0.00  0.0    0  7.2 15 120   M    M   2        18 110
21  72  40  56   3   9   0 0.00  0.0    0  8.3 17 350   M    M   0        21 310
22  67  42  55   1  10   0    T  0.0    0 10.3 26  40   M    M   1 3      40  40
23  69  43  56   2   9   0 0.00  0.0    0 11.7 26 250   M    M   3 38     36 290
24  66  43  55   1  10   0 0.02  0.0    0 12.1 26 140   M    M   5 3      31 150
25  58  41  50  -5  15   0 0.46  0.0    0  7.5 25 170   M    M   9 1      30 170
================================================================================
SM 1575  880       389   0  1.62     2.0 229.8          M       63
================================================================================
AV 63.0 35.2                               9.2 FASTST   M    M   3    MAX(MPH)
                                 MISC ---->  # 39 270               # 49  270
================================================================================
NOTES:
# LAST OF SEVERAL OCCURRENCES

COLUMN 17 PEAK WIND IN M.P.H.

PRELIMINARY LOCAL CLIMATOLOGICAL DATA (WS FORM: F-6) , PAGE 2

                                          STATION:  GRAND JUNCTION CO
                                          MONTH:    APRIL
                                          YEAR:     2015
                                          LATITUDE:   39  7 N
                                          LONGITUDE: 108 32 W

[TEMPERATURE DATA]      [PRECIPITATION DATA]       SYMBOLS USED IN COLUMN 16

AVERAGE MONTHLY: 49.1   TOTAL FOR MONTH:   1.62    1 = FOG OR MIST
DPTR FM NORMAL:  -1.8   DPTR FM NORMAL:    0.85    2 = FOG REDUCING VISIBILITY
HIGHEST:    76 ON 14    GRTST 24HR  0.90 ON 16-17      TO 1/4 MILE OR LESS
LOWEST:     22 ON  3                               3 = THUNDER
                        SNOW, ICE PELLETS, HAIL    4 = ICE PELLETS
                        TOTAL MONTH:   2.0 INCHES  5 = HAIL
                        GRTST 24HR   2.0 ON 16-16  6 = FREEZING RAIN OR DRIZZLE
                        GRTST DEPTH:   0           7 = DUSTSTORM OR SANDSTORM:
                                                       VSBY 1/2 MILE OR LESS
                                                   8 = SMOKE OR HAZE
[NO. OF DAYS WITH]      [WEATHER - DAYS WITH]      9 = BLOWING SNOW
                                                   X = TORNADO
MAX 32 OR BELOW:   0    0.01 INCH OR MORE:   6
MAX 90 OR ABOVE:   0    0.10 INCH OR MORE:   3
MIN 32 OR BELOW:   8    0.50 INCH OR MORE:   1
MIN  0 OR BELOW:   0    1.00 INCH OR MORE:   0

[HDD (BASE 65) ]
TOTAL THIS MO.   389    CLEAR  (SCALE 0-3)  17
DPTR FM NORMAL    35    PTCLDY (SCALE 4-7)   6
TOTAL FM JUL 1  4897    CLOUDY (SCALE 8-10)  2
DPTR FM NORMAL  -489

[CDD (BASE 65) ]
TOTAL THIS MO.     0
DPTR FM NORMAL     0    [PRESSURE DATA]
TOTAL FM JAN 1     0    HIGHEST SLP M ON M
DPTR FM NORMAL     0    LOWEST  SLP 29.41 ON  8

[REMARKS]
