000
CXUS54 KHUN 211015
CF6HSV
PRELIMINARY LOCAL CLIMATOLOGICAL DATA (WS FORM: F-6)

                                          STATION:   HUNTSVILLE
                                          MONTH:     APRIL
                                          YEAR:      2015
                                          LATITUDE:   34 39 N
                                          LONGITUDE:  86 46 W

  TEMPERATURE IN F:       :PCPN:    SNOW:  WIND      :SUNSHINE: SKY     :PK WND
================================================================================
1   2   3   4   5  6A  6B    7    8   9   10  11  12  13   14  15   16   17  18
                                     12Z  AVG MX 2MIN
DY MAX MIN AVG DEP HDD CDD  WTR  SNW DPTH SPD SPD DIR MIN PSBL S-S WX    SPD DR
================================================================================

 1  80  50  65   7   0   0 0.00  0.0    0  3.0  9 170   M    M   4 12     12 160
 2  79  63  71  13   0   6    T  0.0    0 10.4 23 210   M    M   7 3      31 210
 3  83  54  69  11   0   4 0.23  0.0    0 14.9 29 310   M    M   6 13     37 310
 4  65  45  55  -4  10   0 0.00  0.0    0 10.6 20  10   M    M   2        23  30
 5  69  38  54  -5  11   0 0.00  0.0    0  7.7 18 120   M    M   6        26 120
 6  69  58  64   5   1   0 0.51  0.0    0  7.8 17 150   M    M  10 1      21 150
 7  77  62  70  11   0   5    T  0.0    0  6.9 22 170   M    M   9 18     26 170
 8  84  58  71  11   0   6 0.00  0.0    0  6.0 17 210   M    M   4 128    22 220
 9  82  66  74  14   0   9 0.00  0.0    0  9.9 21 230   M    M   6        28 210
10  75  57  66   6   0   1 0.88  0.0    0  7.8 18 270   M    M   8 13     27 260
11  76  46  61   1   4   0 0.00  0.0    0  6.9 16  50   M    M   2        22  40
12  81  48  65   4   0   0 0.00  0.0    0  7.9 25 140   M    M   6        30 150
13  74  65  70   9   0   5 0.27  0.0    0  9.3 17 160   M    M  10 1      22 150
14  80  58  69   8   0   4 0.27  0.0    0  6.9 15 240   M    M   9 13     19 220
15  79  64  72  10   0   7 0.17  0.0    0  5.2 18 120   M    M   8 1      22 120
16  67  59  63   1   2   0 1.86  0.0    0 12.5 23 130   M    M  10 13     26 140
17  66  59  63   1   2   0 0.19  0.0    0  5.6 12 120   M    M   9 12     14 130
18  78  58  68   6   0   3    T  0.0    0  4.8 13 130   M    M   8 128    17  80
19  77  62  70   7   0   5 0.95  0.0    0  8.7 24 290   M    M   6 13     35 260
20  69  52  61  -2   4   0 0.19  0.0    0  7.7 24 260   M    M   5 13     33 260
================================================================================
SM 1510 1122        34  55  5.52     0.0 160.5          M      135
================================================================================
AV 75.5 56.1                               8.0 FASTST   M    M   7    MAX(MPH)
                                 MISC ---->  # 29 310               # 37  310
================================================================================
NOTES:
# LAST OF SEVERAL OCCURRENCES

COLUMN 17 PEAK WIND IN M.P.H.

PRELIMINARY LOCAL CLIMATOLOGICAL DATA (WS FORM: F-6) , PAGE 2

                                          STATION:  HUNTSVILLE
                                          MONTH:    APRIL
                                          YEAR:     2015
                                          LATITUDE:   34 39 N
                                          LONGITUDE:  86 46 W

[TEMPERATURE DATA]      [PRECIPITATION DATA]       SYMBOLS USED IN COLUMN 16

AVERAGE MONTHLY: 65.8   TOTAL FOR MONTH:   5.52    1 = FOG OR MIST
DPTR FM NORMAL:   5.5   DPTR FM NORMAL:    2.67    2 = FOG REDUCING VISIBILITY
HIGHEST:    84 ON  8    GRTST 24HR  1.86 ON 16-16      TO 1/4 MILE OR LESS
LOWEST:     38 ON  5                               3 = THUNDER
                        SNOW, ICE PELLETS, HAIL    4 = ICE PELLETS
                        TOTAL MONTH:   0.0 INCH    5 = HAIL
                        GRTST 24HR     0.0         6 = FREEZING RAIN OR DRIZZLE
                        GRTST DEPTH:   0           7 = DUSTSTORM OR SANDSTORM:
                                                       VSBY 1/2 MILE OR LESS
                                                   8 = SMOKE OR HAZE
[NO. OF DAYS WITH]      [WEATHER - DAYS WITH]      9 = BLOWING SNOW
                                                   X = TORNADO
MAX 32 OR BELOW:   0    0.01 INCH OR MORE:  10
MAX 90 OR ABOVE:   0    0.10 INCH OR MORE:  10
MIN 32 OR BELOW:   0    0.50 INCH OR MORE:   4
MIN  0 OR BELOW:   0    1.00 INCH OR MORE:   1

[HDD (BASE 65) ]
TOTAL THIS MO.    34    CLEAR  (SCALE 0-3)   2
DPTR FM NORMAL   -89    PTCLDY (SCALE 4-7)  12
TOTAL FM JUL 1  2982    CLOUDY (SCALE 8-10)  6
DPTR FM NORMAL    39

[CDD (BASE 65) ]
TOTAL THIS MO.    55
DPTR FM NORMAL    24    [PRESSURE DATA]
TOTAL FM JAN 1    57    HIGHEST SLP M ON M
DPTR FM NORMAL    12    LOWEST  SLP 29.58 ON 19

[REMARKS]
