000
CXUS51 KPBZ 250804
CF6MGW
PRELIMINARY LOCAL CLIMATOLOGICAL DATA (WS FORM: F-6)

                                          STATION:   MORGANTOWN WV
                                          MONTH:     APRIL
                                          YEAR:      2015
                                          LATITUDE:   39 39 N
                                          LONGITUDE:  79 55 W

  TEMPERATURE IN F:       :PCPN:    SNOW:  WIND      :SUNSHINE: SKY     :PK WND
================================================================================
1   2   3   4   5  6A  6B    7    8   9   10  11  12  13   14  15   16   17  18
                                     12Z  AVG MX 2MIN
DY MAX MIN AVG DEP HDD CDD  WTR  SNW DPTH SPD SPD DIR MIN PSBL S-S WX    SPD DR
================================================================================

 1  60  26  43  -5  22   0 0.00    M    M  3.2 10 290   M    M   0        15 300
 2  73  34  54   6  11   0 0.44    M    M  6.0 17 160   M    M   5 13     28 220
 3  63  46  55   7  10   0 0.69    M    M  5.1 21 320   M    M  10 18     37 330
 4  52  37  45  -4  20   0 0.04    M    M  7.1 17 330   M    M   4        27 330
 5  63  36  50   1  15   0 0.00    M    M  6.0 15 200   M    M   0        24 230
 6  74  36  55   5  10   0 0.15    M    M  4.0 16 210   M    M   4 1      23 220
 7  67  53  60  10   5   0 0.14    M    M  3.2  9 150   M    M   9 1      15 280
 8  74  58  66  16   0   1 0.66    M    M  5.2 20 130   M    M   8 13     29 210
 9  78  56  67  16   0   2 0.44    M    M  4.2 17 150   M    M   6 123    21 140
10  72  49  61  10   4   0 0.80    M    M  8.8 18 280   M    M   5 138    33 210
11  60  43  52   1  13   0 0.00    M    M  5.7 15 350   M    M   3        22 350
12  74  35  55   3  10   0 0.00    M    M  3.2 13 140   M    M   0        15 130
13  83  57  70  18   0   5 0.10    M    M  5.5 14 230   M    M   2 1      21 240
14  63  50  57   5   8   0 0.58    M    M  7.4 15  20   M    M   8 1      20  30
15  66  45  56   3   9   0 0.00    M    M  5.0 12  30   M    M   0        15  20
16  61  51  56   3   9   0 0.14    M    M  9.3 21 160   M    M   7        28 140
17  71  56  64  11   1   0 0.14    M    M  3.6 12 200   M    M   8 18     16 210
18  77  46  62   8   3   0 0.00    M    M  3.3 12  10   M    M   2 128    16  20
19  68  54  61   7   4   0 0.14    M    M  9.6 24 120   M    M   4        41 110
20  77  51  64  10   1   0 0.22    M    M  9.3 26 280   M    M   8        36 300
21  60  46  53  -2  12   0 0.03    M    M  8.8 20 210   M    M   5        32 230
22  54  36  45 -10  20   0 0.35    M    M  6.2 18 280   M    M   6 1      27 280
23  50  34  42 -13  23   0 0.00    M    M  8.6 20 280   M    M   9        29 280
24  57  35  46 -10  19   0 0.00    M    M  4.2 15 290   M    M   2        21 300
================================================================================
SM 1597 1070       229   8  5.06    M    142.5          M      115
================================================================================
AV 66.5 44.6                               5.9 FASTST   M    M   5    MAX(MPH)
                                 MISC ---->  # 26 280               # 41  110
================================================================================
NOTES:
# LAST OF SEVERAL OCCURRENCES

COLUMN 17 PEAK WIND IN M.P.H.

PRELIMINARY LOCAL CLIMATOLOGICAL DATA (WS FORM: F-6) , PAGE 2

                                          STATION:  MORGANTOWN WV
                                          MONTH:    APRIL
                                          YEAR:     2015
                                          LATITUDE:   39 39 N
                                          LONGITUDE:  79 55 W

[TEMPERATURE DATA]      [PRECIPITATION DATA]       SYMBOLS USED IN COLUMN 16

AVERAGE MONTHLY: 55.6   TOTAL FOR MONTH:   5.06    1 = FOG OR MIST
DPTR FM NORMAL:   3.8   DPTR FM NORMAL:    2.25    2 = FOG REDUCING VISIBILITY
HIGHEST:    83 ON 13    GRTST 24HR  1.07 ON  9-10      TO 1/4 MILE OR LESS
LOWEST:     26 ON  1                               3 = THUNDER
                        SNOW, ICE PELLETS, HAIL    4 = ICE PELLETS
                        TOTAL MONTH:    M          5 = HAIL
                        GRTST 24HR    M  ON   M    6 = FREEZING RAIN OR DRIZZLE
                        GRTST DEPTH:  M  ON   M    7 = DUSTSTORM OR SANDSTORM:
                                                       VSBY 1/2 MILE OR LESS
                                                   8 = SMOKE OR HAZE
[NO. OF DAYS WITH]      [WEATHER - DAYS WITH]      9 = BLOWING SNOW
                                                   X = TORNADO
MAX 32 OR BELOW:   0    0.01 INCH OR MORE:  16
MAX 90 OR ABOVE:   0    0.10 INCH OR MORE:  14
MIN 32 OR BELOW:   1    0.50 INCH OR MORE:   4
MIN  0 OR BELOW:   0    1.00 INCH OR MORE:   0

[HDD (BASE 65) ]
TOTAL THIS MO.   229    CLEAR  (SCALE 0-3)   8
DPTR FM NORMAL   -96    PTCLDY (SCALE 4-7)  13
TOTAL FM JUL 1  5115    CLOUDY (SCALE 8-10)  3
DPTR FM NORMAL   189

[CDD (BASE 65) ]
TOTAL THIS MO.     8
DPTR FM NORMAL     2    [PRESSURE DATA]
TOTAL FM JAN 1     8    HIGHEST SLP M ON M
DPTR FM NORMAL     0    LOWEST  SLP 29.45 ON 20

[REMARKS]
