000
CXUS53 KBIS 190736
CF6N60
PRELIMINARY LOCAL CLIMATOLOGICAL DATA (WS FORM: F-6)

                                          STATION:   GARRISON (AMOS) ND
                                          MONTH:     APRIL
                                          YEAR:      2015
                                          LATITUDE:   47 39 N
                                          LONGITUDE: 101 23 W

  TEMPERATURE IN F:       :PCPN:    SNOW:  WIND      :SUNSHINE: SKY     :PK WND
================================================================================
1   2   3   4   5  6A  6B    7    8   9   10  11  12  13   14  15   16   17  18
                                     12Z  AVG MX 2MIN
DY MAX MIN AVG DEP HDD CDD  WTR  SNW DPTH SPD SPD DIR MIN PSBL S-S WX    SPD DR
================================================================================

 1  59  31  45   M  20   0 0.00    M    M 18.3 40 300   M    M   M        50 300
 2  38  21  30   M  35   0 0.00    M    M 21.6 43 300   M    M   M        52 310
 3  49  16  33   M  32   0 0.00    M    M 10.5 31 300   M    M   M        38 300
 4  53  22  38   M  27   0 0.00    M    M  5.8 18  80   M    M   M        25  90
 5  34  25  30   M  35   0 0.06    M    M 14.3 23  90   M    M   M        29 100
 6  41  25  33   M  32   0 0.01    M    M 14.6 24  90   M    M   0        30 100
 7  44  28  36   M  29   0 0.15    M    M  9.4 24 100   M    M   0        30  90
 8  41  28  35   M  30   0 0.00    M    M  6.0 13 310   M    M   0        15 190
 9  61  28  45   M  20   0 0.01    M    M 15.9 33 330   M    M   0        40 320
10  62  22  42   M  23   0 0.00    M    M  5.8 12 220   M    M   0        15 240
11  76  34  55   M  10   0 0.00    M    M  7.5 20 230   M    M   0        25 220
12  58  30  44   M  21   0 0.00    M    M 16.5 33 300   M    M   0        41 300
13  60  28  44   M  21   0 0.00    M    M 12.5 30 310   M    M   0        43 300
14  81  32  57   M   8   0 0.00    M    M 17.2 32 150   M    M   0        42 170
15  72  44  58   M   7   0 0.00    M    M 19.5 31 210   M    M   0        39 200
16  64  34  49   M  16   0 0.00    M    M 10.4 23 340   M    M   0        28 350
17  73  28  51   M  14   0 0.00    M    M  7.6 22 320   M    M   0        28 310
18  74  36  55   M  10   0 0.24    M    M  9.7 29 340   M    M   0        46 350
================================================================================
SM 1040  512       390   0  0.47    M    223.1          M        0
================================================================================
AV 57.8 28.4                              12.4 FASTST   M    M   0    MAX(MPH)
                                 MISC ---->  # 43 300               # 52  310
================================================================================
NOTES:
# LAST OF SEVERAL OCCURRENCES

COLUMN 17 PEAK WIND IN M.P.H.

PRELIMINARY LOCAL CLIMATOLOGICAL DATA (WS FORM: F-6) , PAGE 2

                                          STATION:  GARRISON (AMOS) ND
                                          MONTH:    APRIL
                                          YEAR:     2015
                                          LATITUDE:   47 39 N
                                          LONGITUDE: 101 23 W

[TEMPERATURE DATA]      [PRECIPITATION DATA]       SYMBOLS USED IN COLUMN 16

AVERAGE MONTHLY: 43.1   TOTAL FOR MONTH:   0.47    1 = FOG OR MIST
DPTR FM NORMAL:     M   DPTR FM NORMAL:       M    2 = FOG REDUCING VISIBILITY
HIGHEST:    81 ON 14    GRTST 24HR  0.24 ON 18-18      TO 1/4 MILE OR LESS
LOWEST:     16 ON  3                               3 = THUNDER
                        SNOW, ICE PELLETS, HAIL    4 = ICE PELLETS
                        TOTAL MONTH:    M          5 = HAIL
                        GRTST 24HR    M  ON   M    6 = FREEZING RAIN OR DRIZZLE
                        GRTST DEPTH:  M  ON   M    7 = DUSTSTORM OR SANDSTORM:
                                                       VSBY 1/2 MILE OR LESS
                                                   8 = SMOKE OR HAZE
[NO. OF DAYS WITH]      [WEATHER - DAYS WITH]      9 = BLOWING SNOW
                                                   X = TORNADO
MAX 32 OR BELOW:   0    0.01 INCH OR MORE:   5
MAX 90 OR ABOVE:   0    0.10 INCH OR MORE:   2
MIN 32 OR BELOW:  14    0.50 INCH OR MORE:   0
MIN  0 OR BELOW:   0    1.00 INCH OR MORE:   0

[HDD (BASE 65) ]
TOTAL THIS MO.   390    CLEAR  (SCALE 0-3)  13
DPTR FM NORMAL     M    PTCLDY (SCALE 4-7)   0
TOTAL FM JUL 1  8014    CLOUDY (SCALE 8-10)  0
DPTR FM NORMAL     M

[CDD (BASE 65) ]
TOTAL THIS MO.     0
DPTR FM NORMAL     M    [PRESSURE DATA]
TOTAL FM JAN 1     0    HIGHEST SLP M ON M
DPTR FM NORMAL     M    LOWEST  SLP 29.35 ON  1

[REMARKS]
