000
CXUS54 KBRO 200859
CF6PIL
PRELIMINARY LOCAL CLIMATOLOGICAL DATA (WS FORM: F-6)

                                          STATION:   BAYVIEW
                                          MONTH:     APRIL
                                          YEAR:      2015
                                          LATITUDE:   26 10 N
                                          LONGITUDE:  97 20 W

  TEMPERATURE IN F:       :PCPN:    SNOW:  WIND      :SUNSHINE: SKY     :PK WND
================================================================================
1   2   3   4   5  6A  6B    7    8   9   10  11  12  13   14  15   16   17  18
                                     12Z  AVG MX 2MIN
DY MAX MIN AVG DEP HDD CDD  WTR  SNW DPTH SPD SPD DIR MIN PSBL S-S WX    SPD DR
================================================================================

 1  79  71  75   3   0  10 0.02  0.0    0 14.7 24 140   M    M   8 18     30 140
 2  83  73  78   6   0  13    T  0.0    0 14.6 21 150   M    M   8 18     25 150
 3  84  74  79   7   0  14 0.00  0.0    0 15.4 24 160   M    M   9 18     31 160
 4  75  70  73   0   0   8 0.05  0.0    0  9.7 22  50   M    M  10 13     30  50
 5  82  66  74   1   0   9 0.00  0.0    0 10.7 24 150   M    M   5 128    29 160
 6  82  72  77   4   0  12 0.00  0.0    0 15.0 25 150   M    M   4 18     34 150
 7  86  73  80   7   0  15 0.00  0.0    0 15.3 26 150   M    M   6 18     32 150
 8  83  74  79   6   0  14 0.00  0.0    0 15.9 25 160   M    M   8 18     32 150
 9  86  75  81   7   0  16    T  0.0    0 16.6 28 160   M    M   5 18     37 160
10  85  73  79   5   0  14 0.03  0.0    0  9.4 21 150   M    M   5 18     24 150
11  81  73  77   3   0  12 0.10  0.0    0  8.7 17 110   M    M   6 18     22 100
12  84  67  76   2   0  11 0.98  0.0    0 10.8 37 320   M    M   4 138    46 310
13  84  67  76   2   0  11 0.25  0.0    0 10.0 21 160   M    M   4 138    27 160
14  78  67  73  -1   0   8    T  0.0    0  9.7 29 350   M    M   6 18     36 360
15  79  67  73  -2   0   8 0.00  0.0    0  8.9 22 100   M    M   6 18     27 100
16  86  71  79   4   0  14 0.01  0.0    0 12.0 23 160   M    M   6 18     30 150
17  82  75  79   4   0  14    T  0.0    0 12.1 23 140   M    M   7 18     28 140
18  81  70  76   1   0  11    T  0.0    0  9.2 17 150   M    M   5 138    24 140
19  83  68  76   1   0  11 0.00  0.0    0  8.8 17 110   M    M   6 12     22 120
================================================================================
SM 1563 1346         0 225  1.44     0.0 227.5          M      118
================================================================================
AV 82.3 70.8                              12.0 FASTST   M    M   6    MAX(MPH)
                                 MISC ---->  # 37 320               # 46  310
================================================================================
NOTES:
# LAST OF SEVERAL OCCURRENCES

COLUMN 17 PEAK WIND IN M.P.H.

PRELIMINARY LOCAL CLIMATOLOGICAL DATA (WS FORM: F-6) , PAGE 2

                                          STATION:  BAYVIEW
                                          MONTH:    APRIL
                                          YEAR:     2015
                                          LATITUDE:   26 10 N
                                          LONGITUDE:  97 20 W

[TEMPERATURE DATA]      [PRECIPITATION DATA]       SYMBOLS USED IN COLUMN 16

AVERAGE MONTHLY: 76.6   TOTAL FOR MONTH:   1.44    1 = FOG OR MIST
DPTR FM NORMAL:   2.9   DPTR FM NORMAL:    0.39    2 = FOG REDUCING VISIBILITY
HIGHEST:    86 ON 16, 9 GRTST 24HR  1.14 ON 12-13      TO 1/4 MILE OR LESS
LOWEST:     66 ON  5                               3 = THUNDER
                        SNOW, ICE PELLETS, HAIL    4 = ICE PELLETS
                        TOTAL MONTH:   0.0 INCH    5 = HAIL
                        GRTST 24HR     0.0         6 = FREEZING RAIN OR DRIZZLE
                        GRTST DEPTH:   0           7 = DUSTSTORM OR SANDSTORM:
                                                       VSBY 1/2 MILE OR LESS
                                                   8 = SMOKE OR HAZE
[NO. OF DAYS WITH]      [WEATHER - DAYS WITH]      9 = BLOWING SNOW
                                                   X = TORNADO
MAX 32 OR BELOW:   0    0.01 INCH OR MORE:   7
MAX 90 OR ABOVE:   0    0.10 INCH OR MORE:   3
MIN 32 OR BELOW:   0    0.50 INCH OR MORE:   1
MIN  0 OR BELOW:   0    1.00 INCH OR MORE:   0

[HDD (BASE 65) ]
TOTAL THIS MO.     0    CLEAR  (SCALE 0-3)   0
DPTR FM NORMAL    -6    PTCLDY (SCALE 4-7)  17
TOTAL FM JUL 1   750    CLOUDY (SCALE 8-10)  2
DPTR FM NORMAL   204

[CDD (BASE 65) ]
TOTAL THIS MO.   225
DPTR FM NORMAL    53    [PRESSURE DATA]
TOTAL FM JAN 1   385    HIGHEST SLP 30.15 ON  4
DPTR FM NORMAL   -68    LOWEST  SLP 29.73 ON 19

[REMARKS]
