000
CXUS56 KMTR 191000
CF6SFO
PRELIMINARY LOCAL CLIMATOLOGICAL DATA (WS FORM: F-6)

                                          STATION:   SAN FRANCISCO AIRPORT
                                          MONTH:     APRIL
                                          YEAR:      2015
                                          LATITUDE:   37 37 N
                                          LONGITUDE: 122 23 W

  TEMPERATURE IN F:       :PCPN:    SNOW:  WIND      :SUNSHINE: SKY     :PK WND
================================================================================
1   2   3   4   5  6A  6B    7    8   9   10  11  12  13   14  15   16   17  18
                                     12Z  AVG MX 2MIN
DY MAX MIN AVG DEP HDD CDD  WTR  SNW DPTH SPD SPD DIR MIN PSBL S-S WX    SPD DR
================================================================================

 1  64  49  57   1   8   0 0.00  0.0    0 15.5 30 270   M    M   3        38 280
 2  68  49  59   3   6   0 0.00  0.0    0 14.1 25 270   M    M   1        31 280
 3  65  48  57   1   8   0 0.00  0.0    0 14.0 31 270   M    M   1        37 270
 4  63  50  57   1   8   0 0.00  0.0    0 19.3 35 280   M    M   5        41 270
 5  59  48  54  -2  11   0 0.11    M    0  7.5 22 280   M    M   6 1      25 280
 6  63  46  55  -1  10   0 0.00  0.0    0 10.9 23 160   M    M   7        28 170
 7   M   M   M   M   M   M 0.70    M    M   M   M   M   M    M   M         M  M
 8  63  50  57   1   8   0 0.06  0.0    M  7.8 20 270   M    M   1 1      24 270
 9  66  49  58   2   7   0 0.00  0.0    0  7.2 21 270   M    M   5        23 280
10  65  49  57   1   8   0 0.00  0.0    0 10.1 22 270   M    M   3        26 270
11  69  51  60   4   5   0 0.00  0.0    0 14.8 32 270   M    M   4        38 270
12  74  51  63   6   2   0 0.00  0.0    0 10.0 22 280   M    M   1        26 280
13  62  51  57   0   8   0    T  0.0    0 16.1 28 260   M    M   5 1      36 270
14  63  50  57   0   8   0 0.00  0.0    0 15.3 30 270   M    M   1        36 270
15  69  48  59   2   6   0 0.00  0.0    0 12.0 25 270   M    M   2        29 270
16  80  51  66   9   0   1 0.00  0.0    0  8.9 25 270   M    M   0        30 270
17  70  51  61   4   4   0 0.00  0.0    0 11.3 25 290   M    M   1        29 290
18  67  49  58   1   7   0 0.00  0.0    0 10.4 22 290   M    M   3 1      26 290
================================================================================
SM 1130  840       114   1  0.87     0.0 205.2          M       49
================================================================================
AV 66.5 49.4                              12.1 FASTST   M    M   3    MAX(MPH)
                                 MISC ---->  # 35 280               # 41  270
================================================================================
NOTES:
# LAST OF SEVERAL OCCURRENCES

COLUMN 17 PEAK WIND IN M.P.H.

PRELIMINARY LOCAL CLIMATOLOGICAL DATA (WS FORM: F-6) , PAGE 2

                                          STATION:  SAN FRANCISCO AIRPORT
                                          MONTH:    APRIL
                                          YEAR:     2015
                                          LATITUDE:   37 37 N
                                          LONGITUDE: 122 23 W

[TEMPERATURE DATA]      [PRECIPITATION DATA]       SYMBOLS USED IN COLUMN 16

AVERAGE MONTHLY: 57.9   TOTAL FOR MONTH:   0.87    1 = FOG OR MIST
DPTR FM NORMAL:   1.6   DPTR FM NORMAL:   -0.03    2 = FOG REDUCING VISIBILITY
HIGHEST:    80 ON 16    GRTST 24HR  0.70 ON  7- 7      TO 1/4 MILE OR LESS
LOWEST:     46 ON  6                               3 = THUNDER
                        SNOW, ICE PELLETS, HAIL    4 = ICE PELLETS
                        TOTAL MONTH:   0.0 INCH    5 = HAIL
                        GRTST 24HR     0.0         6 = FREEZING RAIN OR DRIZZLE
                        GRTST DEPTH:   0           7 = DUSTSTORM OR SANDSTORM:
                                                       VSBY 1/2 MILE OR LESS
                                                   8 = SMOKE OR HAZE
[NO. OF DAYS WITH]      [WEATHER - DAYS WITH]      9 = BLOWING SNOW
                                                   X = TORNADO
MAX 32 OR BELOW:   0    0.01 INCH OR MORE:   3
MAX 90 OR ABOVE:   0    0.10 INCH OR MORE:   2
MIN 32 OR BELOW:   0    0.50 INCH OR MORE:   1
MIN  0 OR BELOW:   0    1.00 INCH OR MORE:   0

[HDD (BASE 65) ]
TOTAL THIS MO.   114    CLEAR  (SCALE 0-3)  11
DPTR FM NORMAL   -43    PTCLDY (SCALE 4-7)   6
TOTAL FM JUL 1  1205    CLOUDY (SCALE 8-10)  0
DPTR FM NORMAL -1072

[CDD (BASE 65) ]
TOTAL THIS MO.     1
DPTR FM NORMAL     1    [PRESSURE DATA]
TOTAL FM JAN 1     7    HIGHEST SLP M ON M
DPTR FM NORMAL     6    LOWEST  SLP 29.82 ON  6

[REMARKS]
