000
CXUS53 KGRB 010724
CF6SUE
PRELIMINARY LOCAL CLIMATOLOGICAL DATA (WS FORM: F-6)

                                          STATION:   STURGEON BAY WI
                                          MONTH:     MARCH
                                          YEAR:      2015
                                          LATITUDE:   44 55 N
                                          LONGITUDE:  87 25 W

  TEMPERATURE IN F:       :PCPN:    SNOW:  WIND      :SUNSHINE: SKY     :PK WND
================================================================================
1   2   3   4   5  6A  6B    7    8   9   10  11  12  13   14  15   16   17  18
                                     12Z  AVG MX 2MIN
DY MAX MIN AVG DEP HDD CDD  WTR  SNW DPTH SPD SPD DIR MIN PSBL S-S WX    SPD DR
================================================================================

 1  27  10  19   M  46   0 0.00  0.0    0 11.5 16 220   M    M   4        22 270
 2  27  12  20   M  45   0 0.00  0.0    0  8.0 13 270   M    M   1         M  M
 3  28  21  25   M  40   0 0.00  0.0    0 11.4 17 180   M    M   9        24 160
 4  21   1  11   M  54   0 0.00  0.0    0 11.9 16 300   M    M   0        25 300
 5  12  -8   2   M  63   0 0.00  0.0    0  6.9 12 230   M    M   0        16 240
 6  27   1  14   M  51   0 0.00  0.0    0 13.6 25 210   M    M   3        33 210
 7  37  18  28   M  37   0 0.00  0.0    0  8.3 15 340   M    M   7        21 340
 8  45  18  32   M  33   0 0.00  0.0    0  8.2 21 220   M    M   4        30 220
 9  48  30  39   M  26   0 0.00  0.0    0 10.2 16 210   M    M   4        23 210
10  50  34  42   M  23   0 0.00  0.0    0 10.2 15 210   M    M   2        21 210
11  54  30  42   M  23   0 0.00  0.0    0  7.3 15 340   M    M   1         M  M
12  43  34  39   M  26   0 0.00  0.0    0 15.4 24 180   M    M   2        30 160
13  50  36  43   M  22   0 0.00  0.0    0 10.9 20 180   M    M   1        27 180
14  45  30  38   M  27   0 0.00  0.0    0 11.3 20 340   M    M   8        28 330
15  48  27  38   M  27   0 0.00  0.0    0  8.9 21 180   M    M   0        24 160
16  61  34  48   M  17   0 0.00  0.0    0  9.3 20  20   M    M   6        28  20
17  39  28  34   M  31   0 0.00  0.0    0 13.7 24 350   M    M   1        31 350
18  43  28  36   M  29   0 0.00  0.0    0  7.4 12 140   M    M   0        17 260
19  37  28  33   M  32   0 0.00  0.0    0 10.3 17 150   M    M   4         M  M
20  52  34  43   M  22   0 0.00  0.0    0  9.9 15 230   M    M   8        20 250
21  43  21  32   M  33   0 0.00  0.0    0  9.8 18 340   M    M   5        25 340
22  34  19  27   M  38   0 0.00  0.0    0  3.7  9 130   M    M   1         M  M
23  28  19  24   M  41   0 0.00  0.0    0  5.8 10  70   M    M   1         M  M
24  36  18  27   M  38   0 0.00  0.0    0  5.0 12 160   M    M   0        20 160
25  37  30  34   M  31   0 0.00  0.0    0 12.3 18 250   M    M  10        28 240
26  37  18  28   M  37   0 0.00  0.0    0 14.3 20 350   M    M   9        25 350
27  25  14  20   M  45   0 0.00  0.0    0 10.3 17  20   M    M   1        22 360
28  34  12  23   M  42   0 0.00  0.0    0  6.7 15 180   M    M   0        20 180
29  37  27  32   M  33   0 0.00  0.0    0 16.3 31 180   M    M   6        38 180
30  48  36  42   M  23   0 0.00  0.0    0 10.1 16 300   M    M   3        21 250
31  46  30  38   M  27   0 0.00  0.0    0  6.8 17 180   M    M   4        21 180
================================================================================
SM 1199  690      1062   0  0.00     0.0 305.7          M      105
================================================================================
AV 38.7 22.3                               9.9 FASTST   M    M   3    MAX(MPH)
                                 MISC ---->    31   M               # 38  180
================================================================================
NOTES:
# LAST OF SEVERAL OCCURRENCES

COLUMN 17 PEAK WIND IN M.P.H.

PRELIMINARY LOCAL CLIMATOLOGICAL DATA (WS FORM: F-6) , PAGE 2

                                          STATION:  STURGEON BAY WI
                                          MONTH:    MARCH
                                          YEAR:     2015
                                          LATITUDE:   44 55 N
                                          LONGITUDE:  87 25 W

[TEMPERATURE DATA]      [PRECIPITATION DATA]       SYMBOLS USED IN COLUMN 16

AVERAGE MONTHLY: 30.5   TOTAL FOR MONTH:   0.00    1 = FOG OR MIST
DPTR FM NORMAL:     M   DPTR FM NORMAL:       M    2 = FOG REDUCING VISIBILITY
HIGHEST:    61 ON 16    GRTST 24HR  0.00 ON 31-31      TO 1/4 MILE OR LESS
LOWEST:     -8 ON  5                               3 = THUNDER
                        SNOW, ICE PELLETS, HAIL    4 = ICE PELLETS
                        TOTAL MONTH:   0.0 INCH    5 = HAIL
                        GRTST 24HR     0.0         6 = FREEZING RAIN OR DRIZZLE
                        GRTST DEPTH:   0           7 = DUSTSTORM OR SANDSTORM:
                                                       VSBY 1/2 MILE OR LESS
                                                   8 = SMOKE OR HAZE
[NO. OF DAYS WITH]      [WEATHER - DAYS WITH]      9 = BLOWING SNOW
                                                   X = TORNADO
MAX 32 OR BELOW:   8    0.01 INCH OR MORE:   0
MAX 90 OR ABOVE:   0    0.10 INCH OR MORE:   0
MIN 32 OR BELOW:  25    0.50 INCH OR MORE:   0
MIN  0 OR BELOW:   1    1.00 INCH OR MORE:   0

[HDD (BASE 65) ]
TOTAL THIS MO.  1062    CLEAR  (SCALE 0-3)  17
DPTR FM NORMAL     M    PTCLDY (SCALE 4-7)  10
TOTAL FM JUL 1  6945    CLOUDY (SCALE 8-10)  4
DPTR FM NORMAL  6707

[CDD (BASE 65) ]
TOTAL THIS MO.     0
DPTR FM NORMAL     M    [PRESSURE DATA]
TOTAL FM JAN 1     0    HIGHEST SLP M ON M
DPTR FM NORMAL     0    LOWEST  SLP M ON M

[REMARKS]
#FINAL-03-15#
