000
CXUS53 KDVN 012200
CLAIOW


CLIMATE REPORT
NATIONAL WEATHER SERVICE QUAD CITIES IA IL
400 PM CST THU JAN 1 2015

...................................

...THE IOWA CITY IA CLIMATE SUMMARY FOR THE YEAR OF 2014...

CLIMATE NORMAL PERIOD 1981 TO 2010
CLIMATE RECORD PERIOD 9999 TO 9999

WEATHER         OBSERVED          NORMAL  DEPART
                 VALUE   DATE(S)  VALUE   FROM
                                          NORMAL
................................................
TEMPERATURE (F)
HIGHEST            92   08/24        85       7
LOWEST            -19   02/11        14     -33
AVG. MAXIMUM     56.5              59.6    -3.1
AVG. MINIMUM     36.8              40.4    -3.6
MEAN             46.6              50.0    -3.4
DAYS MAX >= 90      4
DAYS MAX <= 32     66
DAYS MIN <= 32    145
DAYS MIN <= 0      28

PRECIPITATION (INCHES)
TOTALS          38.33             36.28    2.05
DAILY AVG.       0.11              0.10    0.01
DAYS >= .01       121
DAYS >= .10        59
DAYS >= .50        21
DAYS >= 1.00       12
GREATEST
 24 HR. TOTAL    4.04   06/29 TO 06/30

DEGREE_DAYS
HEATING TOTAL    7320              6379     941
COOLING TOTAL     779               912    -133
.................................................

WIND (MPH)
AVERAGE WIND SPEED              8.5
HIGHEST WIND SPEED/DIRECTION    44/320    DATE  06/30
HIGHEST GUST SPEED/DIRECTION    64/300    DATE  06/30

SKY COVER
POSSIBLE SUNSHINE (PERCENT)   MM
AVERAGE SKY COVER           0.40
NUMBER OF DAYS FAIR          186
NUMBER OF DAYS PC            109
NUMBER OF DAYS CLOUDY         70

AVERAGE RH (PERCENT)     73

WEATHER CONDITIONS. NUMBER OF DAYS WITH
THUNDERSTORM             52     HAIL                       0
SLEET                     0     FOG                      177
FOG W/VIS <= 1/4 MILE    30     HAZE                      53

-  INDICATES NEGATIVE NUMBERS.
R  INDICATES RECORD WAS SET OR TIED.
MM INDICATES DATA IS MISSING.
T  INDICATES TRACE AMOUNT.

$$
