000
CDUS43 KABR 061030
CLI8D3


CLIMATE REPORT
NATIONAL WEATHER SERVICE ABERDEEN SD
529 AM CDT WED MAY 6 2015


...................................

...THE SISSETON SD CLIMATE SUMMARY FOR MAY 5 2015...

CLIMATE NORMAL PERIOD 1981 TO 2010
CLIMATE RECORD PERIOD 1900 TO 2015


WEATHER ITEM   OBSERVED TIME   RECORD YEAR NORMAL DEPARTURE LAST
                VALUE   (LST)  VALUE       VALUE  FROM      YEAR
                                                  NORMAL
..................................................................
TEMPERATURE (F)
 YESTERDAY
  MAXIMUM         79    210 PM  93    2000  66     13       63
  MINIMUM         33    508 AM  26    1944  41     -8       41
  AVERAGE         56                        54      2       52

PRECIPITATION (IN)
  YESTERDAY        0.00          1.62 2007   0.07  -0.07     0.00
  MONTH TO DATE    0.01                      0.42  -0.41     0.00
  SINCE MAR 1      1.59                      3.82  -2.23     4.02
  SINCE JAN 1      2.47                      4.68  -2.21     4.64

DEGREE DAYS
 HEATING
  YESTERDAY        9                        12     -3       13
  MONTH TO DATE   29                        63    -34       93
  SINCE MAR 1   1465                      1763   -298     2020
  SINCE JUL 1   7734                      8022   -288     8837

 COOLING
  YESTERDAY        0                         0      0        0
  MONTH TO DATE    2                         0      2        0
  SINCE MAR 1      2                         1      1        0
  SINCE JAN 1      2                         1      1        0
..................................................................


WIND (MPH)
  HIGHEST WIND SPEED    29   HIGHEST WIND DIRECTION     S (170)
  HIGHEST GUST SPEED    35   HIGHEST GUST DIRECTION    SE (140)
  AVERAGE WIND SPEED    13.6


SKY COVER
  POSSIBLE SUNSHINE  MM
  AVERAGE SKY COVER 0.0


WEATHER CONDITIONS
 THE FOLLOWING WEATHER WAS RECORDED YESTERDAY.
  NO SIGNIFICANT WEATHER WAS OBSERVED.


RELATIVE HUMIDITY (PERCENT)
 HIGHEST    87          1100 PM
 LOWEST     16          1200 PM
 AVERAGE    52

..........................................................


THE SISSETON SD CLIMATE NORMALS FOR TODAY
                         NORMAL    RECORD    YEAR
 MAXIMUM TEMPERATURE (F)   66        91      1934
 MINIMUM TEMPERATURE (F)   41        22      1976


SUNRISE AND SUNSET
MAY  6 2015...........SUNRISE   609 AM CDT   SUNSET   841 PM CDT
MAY  7 2015...........SUNRISE   607 AM CDT   SUNSET   843 PM CDT


-  INDICATES NEGATIVE NUMBERS.
R  INDICATES RECORD WAS SET OR TIED.
MM INDICATES DATA IS MISSING.
T  INDICATES TRACE AMOUNT.




$$
