000
CDUS44 KSJT 190735
CLIABI


CLIMATE REPORT
NATIONAL WEATHER SERVICE SAN ANGELO TX
234 AM CDT SUN APR 19 2015


...................................

...THE ABILENE CLIMATE SUMMARY FOR APRIL 18 2015...

CLIMATE NORMAL PERIOD 1981 TO 2010
CLIMATE RECORD PERIOD 1886 TO 2015


WEATHER ITEM   OBSERVED TIME   RECORD YEAR NORMAL DEPARTURE LAST
                VALUE   (LST)  VALUE       VALUE  FROM      YEAR
                                                  NORMAL
..................................................................
TEMPERATURE (F)
 YESTERDAY
  MAXIMUM         79    146 PM 102    1925  78      1       74
  MINIMUM         56   1159 PM  35    1921  53      3       51
  AVERAGE         68                        65      3       63

PRECIPITATION (IN)
  YESTERDAY        0.00          2.95 1908   0.05  -0.05     0.00
  MONTH TO DATE    1.19                      0.85   0.34     0.21
  SINCE MAR 1      2.79                      2.59   0.20     0.88
  SINCE JAN 1      6.30                      4.97   1.33     1.37

SNOWFALL (IN)
  YESTERDAY        0.0           0.0  2002   0.0    0.0      0.0
  MONTH TO DATE    0.0                       0.3   -0.3       T
  SINCE NOV 1      3.7                       4.7   -1.0      3.1
  SINCE JUL 1      3.7                       4.7   -1.0      3.1

DEGREE DAYS
 HEATING
  YESTERDAY        0                         3     -3        2
  MONTH TO DATE   34                        85    -51       88
  SINCE MAR 1    360                       383    -23      428
  SINCE JUL 1   2437                      2516    -79     2790

 COOLING
  YESTERDAY        3                         3      0        0
  MONTH TO DATE   90                        46     44       77
  SINCE MAR 1    137                        75     62      116
  SINCE JAN 1    141                        80     61      121
..................................................................


WIND (MPH)
  HIGHEST WIND SPEED    16   HIGHEST WIND DIRECTION     S (160)
  HIGHEST GUST SPEED    20   HIGHEST GUST DIRECTION    SW (210)
  AVERAGE WIND SPEED     9.0


SKY COVER
  POSSIBLE SUNSHINE  MM
  AVERAGE SKY COVER 0.3


WEATHER CONDITIONS
 THE FOLLOWING WEATHER WAS RECORDED YESTERDAY.
  FOG


RELATIVE HUMIDITY (PERCENT)
 HIGHEST   100           200 AM
 LOWEST     41           400 PM
 AVERAGE    71

..........................................................


THE ABILENE CLIMATE NORMALS FOR TODAY
                         NORMAL    RECORD    YEAR
 MAXIMUM TEMPERATURE (F)   78        98      2011
                                             2000
 MINIMUM TEMPERATURE (F)   53        34      2013


SUNRISE AND SUNSET
APRIL 19 2015.........SUNRISE   705 AM CDT   SUNSET   811 PM CDT
APRIL 20 2015.........SUNRISE   704 AM CDT   SUNSET   812 PM CDT


-  INDICATES NEGATIVE NUMBERS.
R  INDICATES RECORD WAS SET OR TIED.
MM INDICATES DATA IS MISSING.
T  INDICATES TRACE AMOUNT.




$$
