000
CDUS44 KLCH 182212
CLIAEX


CLIMATE REPORT
NATIONAL WEATHER SERVICE LAKE CHARLES, LA
512 PM CDT SAT APR 18 2015


...................................

...THE ALEXANDRIA CLIMATE SUMMARY FOR APRIL 18 2015...
VALID TODAY AS OF 0500 PM LOCAL TIME.

CLIMATE NORMAL PERIOD 1981 TO 2010
CLIMATE RECORD PERIOD 1892 TO 2015


WEATHER ITEM   OBSERVED TIME   RECORD YEAR NORMAL DEPARTURE LAST
                VALUE   (LST)  VALUE       VALUE  FROM      YEAR
                                                  NORMAL
..................................................................
TEMPERATURE (F)
 TODAY
  MAXIMUM         71    359 PM  92    2006  79     -8       76
  MINIMUM         67    600 AM  39    2001  55     12       51
  AVERAGE         69                        67      2       64

PRECIPITATION (IN)
  TODAY            0.02          2.57 1991   0.15  -0.13     0.03
  MONTH TO DATE    5.15                      3.05   2.10     2.92
  SINCE MAR 1     10.95                      8.10   2.85     6.83
  SINCE JAN 1     16.05                     17.78  -1.73    13.21

SNOWFALL (IN)
  TODAY            0.0           0.0    MM  MM     MM        0.0
  MONTH TO DATE    0.0                      MM     MM        0.0
  SINCE MAR 1      0.3                      MM     MM        0.2
  SINCE JUL 1      0.3                      MM     MM        5.0
  SNOW DEPTH       0

DEGREE DAYS
 HEATING
  TODAY            0                         2     -2        1
  MONTH TO DATE   14                        56    -42       81
  SINCE MAR 1    195                       271    -76      398
  SINCE JUL 1   2046                      1936    110     2414

 COOLING
  TODAY            4                         3      1        0
  MONTH TO DATE   93                        50     43       37
  SINCE MAR 1    137                        86     51       50
  SINCE JAN 1    138                       103     35       61
..................................................................


WIND (MPH)
  HIGHEST WIND SPEED    10   HIGHEST WIND DIRECTION     E (100)
  HIGHEST GUST SPEED    13   HIGHEST GUST DIRECTION    SE (150)
  AVERAGE WIND SPEED     3.3


SKY COVER
  POSSIBLE SUNSHINE  MM
  AVERAGE SKY COVER 0.7


WEATHER CONDITIONS
 THE FOLLOWING WEATHER WAS RECORDED TODAY.
  THUNDERSTORM
  RAIN
  LIGHT RAIN
  FOG


RELATIVE HUMIDITY (PERCENT)
 HIGHEST   100           200 AM
 LOWEST     87           900 AM
 AVERAGE    94

..........................................................


THE ALEXANDRIA CLIMATE NORMALS FOR TOMORROW
                         NORMAL    RECORD    YEAR
 MAXIMUM TEMPERATURE (F)   79        94      1987
 MINIMUM TEMPERATURE (F)   55        38      1901


SUNRISE AND SUNSET
APRIL 18 2015.........SUNRISE   639 AM CDT   SUNSET   741 PM CDT
APRIL 19 2015.........SUNRISE   638 AM CDT   SUNSET   741 PM CDT


-  INDICATES NEGATIVE NUMBERS.
R  INDICATES RECORD WAS SET OR TIED.
MM INDICATES DATA IS MISSING.
T  INDICATES TRACE AMOUNT.




$$
