000
CDUS42 KCAE 032129
CLIAGS


CLIMATE REPORT
NATIONAL WEATHER SERVICE COLUMBIA SC
527 PM EDT SUN MAY 3 2015


...................................

...THE AUGUSTA BUSH FIELD GA CLIMATE SUMMARY FOR MAY 3 2015...
VALID TODAY AS OF 0500 PM LOCAL TIME.

CLIMATE NORMAL PERIOD 1981 TO 2010
CLIMATE RECORD PERIOD 1873 TO 2015


WEATHER ITEM   OBSERVED TIME   RECORD YEAR NORMAL DEPARTURE LAST
                VALUE   (LST)  VALUE       VALUE  FROM      YEAR
                                                  NORMAL
..................................................................
TEMPERATURE (F)
 TODAY
  MAXIMUM         82    300 PM  95    1959  82      0       78
  MINIMUM         46    604 AM  41    1999  53     -7       50
                                      1995
                                      1981
  AVERAGE         64                        67     -3       64

PRECIPITATION (IN)
  TODAY            0.00          1.73 1984   0.07  -0.07     0.00
  MONTH TO DATE    0.00                      0.22  -0.22     0.08
  SINCE MAR 1      7.90                      7.24   0.66     7.23
  SINCE JAN 1     14.70                     15.07  -0.37    13.44

SNOWFALL (IN)
  TODAY            0.0          MM      MM   0.0             0.0
  MONTH TO DATE    0.0                       0.0             0.0
  SINCE MAR 1      0.0                       0.0             0.0
  SINCE JUL 1      T                         0.9             3.3

DEGREE DAYS
 HEATING
  TODAY            1                         2     -1        1
  MONTH TO DATE   10                         6      4        5
  SINCE MAR 1    277                       426   -149      506
  SINCE JUL 1   2563                      2458    105     2668

 COOLING
  TODAY            0                         4     -4        0
  MONTH TO DATE    0                        11    -11        0
  SINCE MAR 1    114                        81     33       53
  SINCE JAN 1    114                        84     30       55
..................................................................


WIND (MPH)
  HIGHEST WIND SPEED     9   HIGHEST WIND DIRECTION     S (160)
  HIGHEST GUST SPEED    13   HIGHEST GUST DIRECTION    SE (140)
  AVERAGE WIND SPEED     2.2


SKY COVER
  AVERAGE SKY COVER 0.2


WEATHER CONDITIONS
 THE FOLLOWING WEATHER WAS RECORDED TODAY.
  FOG
  FOG W/VISIBILITY <= 1/4 MILE
  HAZE


RELATIVE HUMIDITY (PERCENT)
 HIGHEST   100           200 AM
 LOWEST     35           300 PM
 AVERAGE    68

..........................................................


THE AUGUSTA BUSH FIELD GA CLIMATE NORMALS FOR TOMORROW
                         NORMAL    RECORD    YEAR
 MAXIMUM TEMPERATURE (F)   82        94      1902
 MINIMUM TEMPERATURE (F)   53        35      1971


SUNRISE AND SUNSET
MAY  3 2015...........SUNRISE   638 AM EDT   SUNSET   812 PM EDT
MAY  4 2015...........SUNRISE   637 AM EDT   SUNSET   813 PM EDT


-  INDICATES NEGATIVE NUMBERS.
R  INDICATES RECORD WAS SET OR TIED.
MM INDICATES DATA IS MISSING.
T  INDICATES TRACE AMOUNT.




$$
