000
CDUS45 KCYS 050336
CLIAIA


CLIMATE REPORT
NATIONAL WEATHER SERVICE CHEYENNE WY
936 PM MDT MON MAY 4 2015


...................................

...THE ALLIANCE NE AIRPORT CLIMATE SUMMARY FOR MAY 4 2015...
VALID TODAY AS OF 0900 PM LOCAL TIME.

CLIMATE NORMAL PERIOD 1981 TO 2010
CLIMATE RECORD PERIOD 1896 TO 2015


WEATHER ITEM   OBSERVED TIME   RECORD YEAR NORMAL DEPARTURE LAST
                VALUE   (LST)  VALUE       VALUE  FROM      YEAR
                                                  NORMAL
..................................................................
TEMPERATURE (F)
 TODAY
  MAXIMUM         61    431 PM  89    2000  66     -5       73
  MINIMUM         44    831 PM  25    2013  35      9       41
  AVERAGE         53                        50      3       57

PRECIPITATION (IN)
  TODAY            0.05          1.32 1959   0.10  -0.05     0.00
  MONTH TO DATE    0.05                      0.39  -0.34     0.00
  SINCE JAN 1      3.48                      3.25   0.23     2.80

DEGREE DAYS
 HEATING
  TODAY           12                        15     -3        8
  MONTH TO DATE   35                        61    -26       56
  SINCE MAR 1   1303                      1546   -243     1575
  SINCE JUL 1   6530                      6950   -420     7139

 COOLING
  TODAY            0                         0      0        0
  MONTH TO DATE    0                         0      0        0
  SINCE MAR 1      0                         0      0        0
  SINCE JAN 1      0                         0      0        0
..................................................................


WIND (MPH)
  HIGHEST WIND SPEED    21   HIGHEST WIND DIRECTION     E (110)
  HIGHEST GUST SPEED    27   HIGHEST GUST DIRECTION     E (110)
  AVERAGE WIND SPEED     9.5


SKY COVER
  AVERAGE SKY COVER 0.9


WEATHER CONDITIONS
 THE FOLLOWING WEATHER WAS RECORDED TODAY.
  LIGHT RAIN


RELATIVE HUMIDITY (PERCENT)
 HIGHEST    82           500 AM
 LOWEST     36           300 PM
 AVERAGE    59

..........................................................


THE ALLIANCE NE AIRPORT CLIMATE NORMALS FOR TOMORROW
                         NORMAL    RECORD    YEAR
 MAXIMUM TEMPERATURE (F)   67        93      2004
 MINIMUM TEMPERATURE (F)   35        20      1944


SUNRISE AND SUNSET
MAY  4 2015...........SUNRISE   543 AM MDT   SUNSET   753 PM MDT
MAY  5 2015...........SUNRISE   542 AM MDT   SUNSET   754 PM MDT


-  INDICATES NEGATIVE NUMBERS.
R  INDICATES RECORD WAS SET OR TIED.
MM INDICATES DATA IS MISSING.
T  INDICATES TRACE AMOUNT.




$$
