000
CDUS43 KDMX 020633 RRA
CLIALO

CLIMATE REPORT
NATIONAL WEATHER SERVICE DES MOINES IA
132 AM CDT THU APR 2 2015


...................................

...THE WATERLOO IA CLIMATE SUMMARY FOR APRIL 1 2015...

CLIMATE NORMAL PERIOD 1981 TO 2010
CLIMATE RECORD PERIOD 1895 TO 2015


WEATHER ITEM   OBSERVED TIME   RECORD YEAR NORMAL DEPARTURE LAST
                VALUE   (LST)  VALUE       VALUE  FROM      YEAR
                                                  NORMAL
..................................................................
TEMPERATURE (F)
 YESTERDAY
  MAXIMUM         80    245 PM  88    2003  54     26       45
  MINIMUM         36    309 AM  16    1930  32      4       23
                                      1899
  AVERAGE         58                        43     15       34

PRECIPITATION (IN)
  YESTERDAY        0.00          0.59 1895   0.09  -0.09     0.00
  MONTH TO DATE    0.00                      0.09  -0.09     0.00
  SINCE MAR 1      0.60                      2.15  -1.55     1.50
  SINCE JAN 1      2.64                      3.97  -1.33     4.13

SNOWFALL (IN)
  YESTERDAY        0.0           5.0  1895   0.1   -0.1      0.0
  MONTH TO DATE    0.0                       0.1   -0.1      0.0
  SINCE MAR 1      0.7                       4.7   -4.0      5.8
  SINCE JUL 1     29.2                      33.6   -4.4     56.7
  SNOW DEPTH       0

DEGREE DAYS
 HEATING
  YESTERDAY        7                        22    -15       31
  MONTH TO DATE    7                        22    -15       31
  SINCE MAR 1    916                       928    -12     1163
  SINCE JUL 1   6677                      6347    330     7571

 COOLING
  YESTERDAY        0                         0      0        0
  MONTH TO DATE    0                         0      0        0
  SINCE MAR 1      0                         0      0        0
  SINCE JAN 1      0                         0      0        0
..................................................................


WIND (MPH)
  HIGHEST WIND SPEED    33   HIGHEST WIND DIRECTION     S (170)
  HIGHEST GUST SPEED    47   HIGHEST GUST DIRECTION    SW (210)
  AVERAGE WIND SPEED    15.9


SKY COVER
  POSSIBLE SUNSHINE  MM
  AVERAGE SKY COVER 0.0


WEATHER CONDITIONS
 THE FOLLOWING WEATHER WAS RECORDED YESTERDAY.
  NO SIGNIFICANT WEATHER WAS OBSERVED.


RELATIVE HUMIDITY (PERCENT)
 HIGHEST    76           200 AM
 LOWEST     16           200 PM
 AVERAGE    46

..........................................................


THE WATERLOO IA CLIMATE NORMALS FOR TODAY
                         NORMAL    RECORD    YEAR
 MAXIMUM TEMPERATURE (F)   54        83      2003
 MINIMUM TEMPERATURE (F)   32        13      1895


SUNRISE AND SUNSET
APRIL  2 2015.........SUNRISE   651 AM CDT   SUNSET   737 PM CDT
APRIL  3 2015.........SUNRISE   649 AM CDT   SUNSET   738 PM CDT


-  INDICATES NEGATIVE NUMBERS.
R  INDICATES RECORD WAS SET OR TIED.
MM INDICATES DATA IS MISSING.
T  INDICATES TRACE AMOUNT.

$$
