000
CDUS45 KPUB 062338
CLIALS


CLIMATE REPORT
NATIONAL WEATHER SERVICE PUEBLO
538 PM MDT WED MAY 6 2015


...................................

...THE ALAMOSA CO CLIMATE SUMMARY FOR MAY 6 2015...
VALID TODAY AS OF 0500 PM LOCAL TIME.

CLIMATE NORMAL PERIOD 1981 TO 2010
CLIMATE RECORD PERIOD 1932 TO 2015


WEATHER ITEM   OBSERVED TIME   RECORD YEAR NORMAL DEPARTURE LAST
                VALUE   (LST)  VALUE       VALUE  FROM      YEAR
                                                  NORMAL
..................................................................
TEMPERATURE (F)
 TODAY
  MAXIMUM         64    137 PM  80    2009  66     -2       70
  MINIMUM         39    624 AM  17    1991  31      8       35
                                      1950
  AVERAGE         52                        48      4       53

PRECIPITATION (IN)
  TODAY            T             0.71 1973   0.02  -0.02     0.00
  MONTH TO DATE    0.32                      0.12   0.20      T
  SINCE MAR 1      1.15                      1.24  -0.09     1.46
  SINCE JAN 1      2.49                      1.76   0.73     1.58

SNOWFALL (IN)
  TODAY            0.0           8.4  1973   0.1   -0.1      0.0
  MONTH TO DATE    0.0                       0.4   -0.4       T
  SINCE MAR 1      0.7                       9.0   -8.3     10.4
  SINCE JUL 1     23.8                      27.1   -3.3     38.5
  SNOW DEPTH       0

DEGREE DAYS
 HEATING
  TODAY           13                        17     -4       12
  MONTH TO DATE   82                       105    -23       90
  SINCE MAR 1   1507                      1776   -269     1631
  SINCE JUL 1   6999                      8105  -1106     8199

 COOLING
  TODAY            0                         0      0        0
  MONTH TO DATE    0                         0      0        0
  SINCE MAR 1      0                         0      0        0
  SINCE JAN 1      0                         0      0        0
..................................................................


WIND (MPH)
  HIGHEST WIND SPEED    31   HIGHEST WIND DIRECTION    SW (240)
  HIGHEST GUST SPEED    37   HIGHEST GUST DIRECTION     W (260)
  AVERAGE WIND SPEED     7.9


SKY COVER
  POSSIBLE SUNSHINE  MM
  AVERAGE SKY COVER 0.7


WEATHER CONDITIONS
 THE FOLLOWING WEATHER WAS RECORDED TODAY.
  LIGHT RAIN
  FOG
  FOG W/VISIBILITY <= 1/4 MILE


RELATIVE HUMIDITY (PERCENT)
 HIGHEST   100           700 AM
 LOWEST     36           100 PM
 AVERAGE    68

..........................................................


THE ALAMOSA CO CLIMATE NORMALS FOR TOMORROW
                         NORMAL    RECORD    YEAR
 MAXIMUM TEMPERATURE (F)   66        81      2009
                                             1989
                                             1934
 MINIMUM TEMPERATURE (F)   31        13      1975


SUNRISE AND SUNSET
MAY  6 2015...........SUNRISE   603 AM MDT   SUNSET   758 PM MDT
MAY  7 2015...........SUNRISE   602 AM MDT   SUNSET   759 PM MDT


-  INDICATES NEGATIVE NUMBERS.
R  INDICATES RECORD WAS SET OR TIED.
MM INDICATES DATA IS MISSING.
T  INDICATES TRACE AMOUNT.




$$
