000
CDUS42 KJAX 272145
CLIAMG


CLIMATE REPORT
NATIONAL WEATHER SERVICE JACKSONVILLE FL
544 PM EDT MON APR 27 2015


...................................

...THE ALMA CLIMATE SUMMARY FOR APRIL 27 2015...
VALID TODAY AS OF 0500 PM LOCAL TIME.

CLIMATE NORMAL PERIOD 1981 TO 2010
CLIMATE RECORD PERIOD 1948 TO 2015


WEATHER ITEM   OBSERVED TIME   RECORD YEAR NORMAL DEPARTURE LAST
                VALUE   (LST)  VALUE       VALUE  FROM      YEAR
                                                  NORMAL
..................................................................
TEMPERATURE (F)
 TODAY
  MAXIMUM         73   1200 AM  96    1986  81     -8       88
  MINIMUM         63        MM  41    1972  56      7       57
  AVERAGE         68                        69     -1       73

PRECIPITATION (IN)
  TODAY            0.00          1.55 1964   0.08  -0.08     0.00
  MONTH TO DATE    2.52                      2.59  -0.07     7.66
  SINCE MAR 1      5.03                      7.34  -2.31    10.88
  SINCE JAN 1     10.86                     15.40  -4.54    14.40

SNOWFALL (IN)
  TODAY            0.0           0.0    MM   0.0    0.0      0.0
  MONTH TO DATE    0.0                       0.0    0.0      0.0
  SINCE MAR 1      0.0                       0.0    0.0      0.0
  SINCE JUL 1      0.0                       0.1   -0.1       T
  SNOW DEPTH       0

DEGREE DAYS
 HEATING
  TODAY            0                         1     -1        0
  MONTH TO DATE    2                        60    -58       58
  SINCE MAR 1    136                       248   -112      337
  SINCE JUL 1   1811                      1649    162     1804

 COOLING
  TODAY            3                         5     -2        8
  MONTH TO DATE  171                        85     86       64
  SINCE MAR 1    223                       123    100       68
  SINCE JAN 1    226                       139     87       76
..................................................................


WIND (MPH)
  HIGHEST WIND SPEED     7   HIGHEST WIND DIRECTION     N (350)
  HIGHEST GUST SPEED    MM   HIGHEST GUST DIRECTION    MM
  AVERAGE WIND SPEED     4.3


SKY COVER
  POSSIBLE SUNSHINE  MM
  AVERAGE SKY COVER 0.4


WEATHER CONDITIONS
 THE FOLLOWING WEATHER WAS RECORDED TODAY.
  NO SIGNIFICANT WEATHER WAS OBSERVED.


RELATIVE HUMIDITY (PERCENT)
 HIGHEST    93           600 AM
 LOWEST     61           400 PM
 AVERAGE    77

..........................................................


THE ALMA CLIMATE NORMALS FOR TOMORROW
                         NORMAL    RECORD    YEAR
 MAXIMUM TEMPERATURE (F)   82        92      1970
 MINIMUM TEMPERATURE (F)   57        41      2004


SUNRISE AND SUNSET
APRIL 27 2015.........SUNRISE   649 AM EDT   SUNSET   807 PM EDT
APRIL 28 2015.........SUNRISE   648 AM EDT   SUNSET   808 PM EDT


-  INDICATES NEGATIVE NUMBERS.
R  INDICATES RECORD WAS SET OR TIED.
MM INDICATES DATA IS MISSING.
T  INDICATES TRACE AMOUNT.




$$
