000
CDAK48 PAFC 251254 RRA
CLIANC

CLIMATE REPORT
NATIONAL WEATHER SERVICE ANCHORAGE, AK
451 AM AKDT SAT APR 25 2015


...................................

...THE ANCHORAGE AK CLIMATE SUMMARY FOR APRIL 24 2015...

CLIMATE NORMAL PERIOD 1981 TO 2010
CLIMATE RECORD PERIOD 1952 TO 2015


WEATHER ITEM   OBSERVED RECORD YEAR NORMAL DEPARTURE LAST
                VALUE   VALUE       VALUE  FROM      YEAR
                                           NORMAL
...........................................................
TEMPERATURE (F)
 YESTERDAY
  MAXIMUM         52     59    1998  48      4       51
  MINIMUM         29     21    1955  32     -3       31

  AVERAGE         41                 40      1       41

PRECIPITATION (IN)
  YESTERDAY        0.00   0.27 1974   0.02  -0.02
  MONTH TO DATE    0.61               0.37   0.24
  SINCE MAR 1      1.38               0.97   0.41
  SINCE JAN 1      2.46               2.42   0.04

SNOWFALL (IN)
  YESTERDAY        0.0    0.7  1976   0.1   -0.1
                               1973
  MONTH TO DATE    4.4                3.6    0.8
  SINCE MAR 1      4.6               13.5   -8.9
  SINCE JUL 1     25.1               73.8  -48.7
  SNOW DEPTH       0

DEGREE DAYS
 HEATING
  YESTERDAY       24                        -1
  MONTH TO DATE  613                       -92
  SINCE MAR 1   1703                      -194
  SINCE JUL 1   8055                     -1171

 COOLING
  YESTERDAY        0                         0
  MONTH TO DATE    0                         0
  SINCE MAR 1      0                         0
  SINCE JAN 1      0                         0
...........................................................


WIND (MPH)
  HIGHEST WIND SPEED    16   HIGHEST WIND DIRECTION     S (160)
  HIGHEST GUST SPEED    31   HIGHEST GUST DIRECTION     S (170)
  AVERAGE WIND SPEED     7.8




RELATIVE HUMIDITY (PERCENT)
 HIGHEST    70
 LOWEST     19
 AVERAGE    45

..........................................................


THE ANCHORAGE AK CLIMATE NORMALS FOR TODAY
                         NORMAL    RECORD    YEAR
 MAXIMUM TEMPERATURE (F)   49        60      2005
 MINIMUM TEMPERATURE (F)   33        18      1955


SUNRISE AND SUNSET
APRIL 25 2015.........SUNRISE   609 AM AKDT  SUNSET   949 PM AKDT
APRIL 26 2015.........SUNRISE   606 AM AKDT  SUNSET   951 PM AKDT

CIVIL TWILIGHT
APRIL 25 2015           START   517 AM AKDT     END  1043 PM AKDT
APRIL 26 2015           START   513 AM AKDT     END  1046 PM AKDT



-  INDICATES NEGATIVE NUMBERS.
R  INDICATES RECORD WAS SET OR TIED.
MM INDICATES DATA IS MISSING.
T  INDICATES TRACE AMOUNT.
