000
CDUS43 KAPX 050538
CLIANJ


CLIMATE REPORT
NATIONAL WEATHER SERVICE GAYLORD MI
138 AM EDT TUE MAY 5 2015


...................................

...THE SAULT STE MARIE MI CLIMATE SUMMARY FOR MAY 4 2015...

CLIMATE NORMAL PERIOD 1981 TO 2010
CLIMATE RECORD PERIOD 1888 TO 2015


WEATHER ITEM   OBSERVED TIME   RECORD YEAR NORMAL DEPARTURE LAST
                VALUE   (LST)  VALUE       VALUE  FROM      YEAR
                                                  NORMAL
..................................................................
TEMPERATURE (F)
 YESTERDAY
  MAXIMUM         62   1219 AM  84    1980  59      3       46
  MINIMUM         43   1018 PM  20    1967  38      5       33
  AVERAGE         53                        48      5       40

PRECIPITATION (IN)
  YESTERDAY        0.24          1.37 1985   0.08   0.16     0.00
  MONTH TO DATE    0.31                      0.31   0.00     0.67
  SINCE MAR 1      3.47                      4.65  -1.18     6.58
  SINCE JAN 1      6.84                      8.18  -1.34     9.94

DEGREE DAYS
 HEATING
  YESTERDAY       12                        17     -5       25
  MONTH TO DATE   34                        70    -36       95
  SINCE MAR 1   2157                      2013    144     2479
  SINCE JUL 1   8936                      8139    797     9259

 COOLING
  YESTERDAY        0                         0      0        0
  MONTH TO DATE    0                         0      0        0
  SINCE MAR 1      0                         0      0        0
  SINCE JAN 1      0                         0      0        0
..................................................................


WIND (MPH)
  HIGHEST WIND SPEED    26   HIGHEST WIND DIRECTION     S (190)
  HIGHEST GUST SPEED    33   HIGHEST GUST DIRECTION     S (190)
  AVERAGE WIND SPEED    10.9




RELATIVE HUMIDITY (PERCENT)
 HIGHEST    93
 LOWEST     57
 AVERAGE    75

..........................................................


THE SAULT STE MARIE MI CLIMATE NORMALS FOR TODAY
                         NORMAL    RECORD    YEAR
 MAXIMUM TEMPERATURE (F)   59        83      1930
                                             1895
 MINIMUM TEMPERATURE (F)   38        23      1954


SUNRISE AND SUNSET
MAY  5 2015...........SUNRISE   618 AM EDT   SUNSET   852 PM EDT
MAY  6 2015...........SUNRISE   616 AM EDT   SUNSET   853 PM EDT


-  INDICATES NEGATIVE NUMBERS.
R  INDICATES RECORD WAS SET OR TIED.
MM INDICATES DATA IS MISSING.
T  INDICATES TRACE AMOUNT.




$$
