000
CDAK47 PANT 260000
CLIANN

CLIMATE REPORT
NATIONAL WEATHER SERVICE ANNETTE, AK
400 PM AKDT SAT APR 25 2015

...................................
...THE ANNETTE WSO AP CLIMATE SUMMARY FOR APRIL 25 2015...
VALID TODAY AS OF 2:00 PM LOCAL TIME

CLIMATE NORMAL PERIOD  1981 TO  2010
CLIMATE RECORD PERIOD  1948 TO  2015

WEATHER ITEM   OBSERVED TIME    RECORD YEAR NORMAL DEPARTURE LAST
               VALUE    (LST)   VALUE       VALUE  FROM      YEAR
                                                   NORMAL
...................................................................
TEMPERATURE
TODAY
 MAXIMUM            55  0250 PM    68  1977     52       3     52
 MINIMUM            47  0537 AM    29  1948     40       7     35
 AVERAGE            51                          46       5     44

PRECIPITATION
(INCHES)
 TODAY            0.00           1.90  2004   0.20   -0.20   0.00
 MONTH TO DATE    8.17                        5.79    2.38  10.40
 SINCE MAR 1     18.25                       13.84    4.41  18.54
 SINCE JAN 1     39.31                       31.88    7.43  30.64

SNOWFALL
(INCHES)
 TODAY             0.0            1.0  1985    0.0     0.0    0.0
 MONTH TO DATE       T                         1.3    -1.3    0.0
 SINCE MAR 1         T                         8.2    -8.2    0.3
 SINCE JUL 1      10.2                        34.7   -24.5   25.4
 SNOW DEPTH (IN)     0                                          0

DEGREE DAYS
 HEATING
  TODAY             14                          19      -5     21
  MONTH TO DATE    496                         530     -34    545
  SINCE MAR 1     1145                        1314    -169   1412
  SINCE JUL 1     5229                        5852    -623   5901

 COOLING
  TODAY              0                           0       0      0
  MONTH TO DATE      0                           0       0      0
  SINCE MAR 1        0                           0       0      0
  SINCE JAN 1        0                           0       0      0
...................................................................

WIND (MPH)
 HIGHEST WIND SPEED    13     HIGHEST WIND DIRECTION    130
 HIGHEST GUST SPEED    17     HIGHEST GUST DIRECTION    120
 AVERAGE WIND SPEED    MM

SKY COVER
  POSSIBLE SUNSHINE  MM            AVERAGE SKY COVER MM

WEATHER CONDITIONS
 THE FOLLOWING WEATHER WAS RECORDED TODAY.
NO SIGNIFICANT WEATHER WAS OBSERVED.

RELATIVE HUMIDITY
 HIGHEST RH     MM PERCENT       MM
 LOWEST  RH     MM PERCENT       MM
 AVERAGE RH     MM PERCENT       MM
...................................................................

THE ANNETTE CLIMATE NORMALS FOR TOMORROW
                        NORMAL    RECORD   YEAR
 MAXIMUM TEMPERATURE      52        72     2005
 MINIMUM TEMPERATURE      40        30     1954

SUNRISE AND SUNSET
 APR 25 2015..........SUNRISE  5:20 AM      SUNSET  8:11 PM
 APR 26 2015..........SUNRISE  5:18 AM      SUNSET  8:13 PM

-  INDICATES NEGATIVE NUMBERS.
R  INDICATES RECORD HAS BEEN SET OR TIED.
MM INDICATES DATA IS MISSING.
T  INDICATES TRACE OF PRECIPITATION.

&&
-------------------------------------------------------------------

AMOUNT OF DAYLIGHT TODAY  (HOUR:MIN)........14 HOURS 51 MINUTES
GAIN/LOSS SINCE YESTERDAY (HOUR:MIN:SEC)....+0:04:14

$$
MM APR 15
