000
CDUS41 KCTP 202116
CLIAOO


CLIMATE REPORT
NATIONAL WEATHER SERVICE STATE COLLEGE PA
516 PM EDT MON APR 20 2015


...................................

...THE ALTOONA CLIMATE SUMMARY FOR APRIL 20 2015...
VALID TODAY AS OF 0500 PM LOCAL TIME.

CLIMATE NORMAL PERIOD 1981 TO 2010
CLIMATE RECORD PERIOD 1948 TO 2015


WEATHER ITEM   OBSERVED TIME   RECORD YEAR NORMAL DEPARTURE LAST
                VALUE   (LST)  VALUE       VALUE  FROM      YEAR
                                                  NORMAL
..................................................................
TEMPERATURE (F)
 TODAY
  MAXIMUM         71    346 PM  87    1954  62      9       65
  MINIMUM         45    534 AM  27    1983  40      5       37
  AVERAGE         58                        51      7       51

PRECIPITATION (IN)
  TODAY            0.73          1.16 2008   0.11   0.62     0.00
  MONTH TO DATE    2.63                      2.13   0.50     2.05
  SINCE MAR 1      5.06                      5.20  -0.14     4.10
  SINCE JAN 1      7.58                      9.41  -1.83     7.46

DEGREE DAYS
 HEATING
  TODAY            7                        15     -8       14
  MONTH TO DATE  259                       360   -101      319
  SINCE MAR 1   1185                      1219    -34     1266
  SINCE JUL 1   5978                      5774    204     6010

 COOLING
  TODAY            0                         0      0        0
  MONTH TO DATE    0                         0      0        6
  SINCE MAR 1      0                         1     -1        6
  SINCE JAN 1      0                         1     -1        6
..................................................................


WIND (MPH)
  HIGHEST WIND SPEED    21   HIGHEST WIND DIRECTION     S (170)
  HIGHEST GUST SPEED    30   HIGHEST GUST DIRECTION    SE (150)
  AVERAGE WIND SPEED     8.3


SKY COVER
  POSSIBLE SUNSHINE  MM
  AVERAGE SKY COVER 0.9


WEATHER CONDITIONS
 THE FOLLOWING WEATHER WAS RECORDED TODAY.
  HEAVY RAIN
  RAIN
  LIGHT RAIN
  FOG


RELATIVE HUMIDITY (PERCENT)
 HIGHEST   100           300 AM
 LOWEST     61           400 PM
 AVERAGE    81

..........................................................


THE ALTOONA CLIMATE NORMALS FOR TOMORROW
                         NORMAL    RECORD    YEAR
 MAXIMUM TEMPERATURE (F)   62        86      1985
 MINIMUM TEMPERATURE (F)   40        26      1956


SUNRISE AND SUNSET
APRIL 20 2015.........SUNRISE   628 AM EDT   SUNSET   757 PM EDT
APRIL 21 2015.........SUNRISE   627 AM EDT   SUNSET   758 PM EDT


-  INDICATES NEGATIVE NUMBERS.
R  INDICATES RECORD WAS SET OR TIED.
MM INDICATES DATA IS MISSING.
T  INDICATES TRACE AMOUNT.




$$
