000
CDUS42 KFFC 060819
CLIATL


CLIMATE REPORT
NATIONAL WEATHER SERVICE PEACHTREE CITY GA
419 AM EDT WED MAY 6 2015


...................................

...THE ATLANTA CLIMATE SUMMARY FOR MAY 5 2015...

CLIMATE NORMAL PERIOD 1981 TO 2010
CLIMATE RECORD PERIOD 1878 TO 2015


WEATHER ITEM   OBSERVED TIME   RECORD YEAR NORMAL DEPARTURE LAST
                VALUE   (LST)  VALUE       VALUE  FROM      YEAR
                                                  NORMAL
..................................................................
TEMPERATURE (F)
 YESTERDAY
  MAXIMUM         81    322 PM  91    1952  77      4       87
  MINIMUM         59    613 AM  41    1954  57      2       63
  AVERAGE         70                        67      3       75

PRECIPITATION (IN)
  YESTERDAY        0.00          2.49 2003   0.13  -0.13     0.00
  MONTH TO DATE    0.00                      0.64  -0.64     0.00
  SINCE MAR 1     10.77                      8.81   1.96     9.02
  SINCE JAN 1     19.28                     17.68   1.60    16.18

DEGREE DAYS
 HEATING
  YESTERDAY        0                         2     -2        0
  MONTH TO DATE    6                        10     -4        8
  SINCE MAR 1    298                       495   -197      502
  SINCE JUL 1   2656                      2750    -94     2905

 COOLING
  YESTERDAY        5                         4      1       10
  MONTH TO DATE   12                        17     -5       16
  SINCE MAR 1    108                        82     26       67
  SINCE JAN 1    108                        83     25       69
..................................................................


WIND (MPH)
  RESULTANT WIND SPEED   6   RESULTANT WIND DIRECTION  SE (120)
  HIGHEST WIND SPEED    15   HIGHEST WIND DIRECTION     E (110)
  HIGHEST GUST SPEED    21   HIGHEST GUST DIRECTION     E (110)
  AVERAGE WIND SPEED     5.8


SKY COVER
  AVERAGE SKY COVER 0.1


WEATHER CONDITIONS
 THE FOLLOWING WEATHER WAS RECORDED YESTERDAY.
  NO SIGNIFICANT WEATHER WAS OBSERVED.


RELATIVE HUMIDITY (PERCENT)
 HIGHEST    78           600 AM
 LOWEST     35           500 PM
 AVERAGE    57

..........................................................


THE ATLANTA CLIMATE NORMALS FOR TODAY
                         NORMAL    RECORD    YEAR
 MAXIMUM TEMPERATURE (F)   78        92      1952
 MINIMUM TEMPERATURE (F)   57        40      1917


SUNRISE AND SUNSET
MAY  6 2015...........SUNRISE   645 AM EDT   SUNSET   825 PM EDT
MAY  7 2015...........SUNRISE   644 AM EDT   SUNSET   825 PM EDT


-  INDICATES NEGATIVE NUMBERS.
R  INDICATES RECORD WAS SET OR TIED.
MM INDICATES DATA IS MISSING.
T  INDICATES TRACE AMOUNT.




$$
