000
CDUS44 KEWX 280704
CLIATT


CLIMATE REPORT
NATIONAL WEATHER SERVICE AUSTIN/SAN ANTONIO, TX
203 AM CDT TUE APR 28 2015


...................................

...THE AUSTIN CAMP MABRY CLIMATE SUMMARY FOR APRIL 27 2015...

CLIMATE NORMAL PERIOD 1981 TO 2010
CLIMATE RECORD PERIOD 1897 TO 2015


WEATHER ITEM   OBSERVED TIME   RECORD YEAR NORMAL DEPARTURE LAST
                VALUE   (LST)  VALUE       VALUE  FROM      YEAR
                                                  NORMAL
..................................................................
TEMPERATURE (F)
 YESTERDAY
  MAXIMUM         85    505 PM  96    2014  82      3       96
  MINIMUM         63    540 AM  45    1926  62      1       73
  AVERAGE         74                        72      2

PRECIPITATION (IN)
  YESTERDAY        0.56          3.60 1914   0.09   0.47     0.00
  MONTH TO DATE    2.31                      1.82   0.49     1.89
  SINCE MAR 1      7.14                      4.58   2.56     3.16
  SINCE JAN 1     12.66                      8.82   3.84     3.99

SNOWFALL (IN)
  YESTERDAY        0.0
  MONTH TO DATE    T
  SINCE MAR 1      T
  SINCE JUL 1      T
  SNOW DEPTH       0

DEGREE DAYS
 HEATING
  YESTERDAY        0                         0      0        0
  MONTH TO DATE    4                        37    -33       49
  SINCE MAR 1    207                       199      8      275
  SINCE JUL 1   1690                      1536    154     1771

 COOLING
  YESTERDAY        9                         7      2       20
  MONTH TO DATE  203                       141     62      158
  SINCE MAR 1    265                       202     63      201
  SINCE JAN 1    276                       229     47      242
..................................................................


WIND (MPH)
  HIGHEST WIND SPEED    17   HIGHEST WIND DIRECTION    NW (320)
  HIGHEST GUST SPEED    37   HIGHEST GUST DIRECTION    NW (300)
  AVERAGE WIND SPEED     4.4


SKY COVER
  AVERAGE SKY COVER 0.4


WEATHER CONDITIONS
 THE FOLLOWING WEATHER WAS RECORDED YESTERDAY.
  THUNDERSTORM
  HEAVY RAIN
  RAIN
  LIGHT RAIN
  FOG


RELATIVE HUMIDITY (PERCENT)
 HIGHEST   100           400 AM
 LOWEST     32           500 PM
 AVERAGE    66

..........................................................


THE AUSTIN CAMP MABRY CLIMATE NORMALS FOR TODAY
                         NORMAL    RECORD    YEAR
 MAXIMUM TEMPERATURE (F)   83        94      1955
 MINIMUM TEMPERATURE (F)   62        47      2008
                                             1928


SUNRISE AND SUNSET
APRIL 28 2015.........SUNRISE   650 AM CDT   SUNSET   807 PM CDT
APRIL 29 2015.........SUNRISE   650 AM CDT   SUNSET   807 PM CDT


-  INDICATES NEGATIVE NUMBERS.
R  INDICATES RECORD WAS SET OR TIED.
MM INDICATES DATA IS MISSING.
T  INDICATES TRACE AMOUNT.




$$
