000
CDUS41 KGYX 210806
CLIAUG


CLIMATE REPORT
NATIONAL WEATHER SERVICE GRAY ME
406 AM EDT TUE APR 21 2015


...................................

...THE AUGUSTA CLIMATE SUMMARY FOR APRIL 20 2015...

CLIMATE NORMAL PERIOD 1981 TO 2010
CLIMATE RECORD PERIOD 1948 TO 2015


WEATHER ITEM   OBSERVED TIME   RECORD YEAR NORMAL DEPARTURE LAST
                VALUE   (LST)  VALUE       VALUE  FROM      YEAR
                                                  NORMAL
..................................................................
TEMPERATURE (F)
 YESTERDAY
  MAXIMUM         46    931 AM  MM      MM  55     -9       56
  MINIMUM         33    519 AM  MM      MM  36     -3       28
  AVERAGE         40                        46     -6       42

PRECIPITATION (IN)
  YESTERDAY        0.77         MM      MM   0.12   0.65     0.00
  MONTH TO DATE    2.35                      2.52  -0.17     1.98
  SINCE MAR 1      3.52                      5.89  -2.37     5.12
  SINCE JAN 1      5.79                     10.93  -5.14     9.91

DEGREE DAYS
 HEATING
  YESTERDAY       25                        19      6       23
  MONTH TO DATE  476                       464     12      468
  SINCE MAR 1   1652                      1490    162     1716
  SINCE JUL 1   7279                      6833    446     7222

 COOLING
  YESTERDAY        0                         0      0        0
  MONTH TO DATE    0                         0      0        0
  SINCE MAR 1      0                         0      0        0
  SINCE JAN 1      0                         0      0        0
..................................................................


WIND (MPH)
  HIGHEST WIND SPEED    21   HIGHEST WIND DIRECTION    SE (120)
  HIGHEST GUST SPEED    34   HIGHEST GUST DIRECTION    SE (140)
  AVERAGE WIND SPEED     8.7


SKY COVER
  AVERAGE SKY COVER 0.6


WEATHER CONDITIONS
 THE FOLLOWING WEATHER WAS RECORDED YESTERDAY.
  HEAVY RAIN
  RAIN
  LIGHT RAIN
  FOG


RELATIVE HUMIDITY (PERCENT)
 HIGHEST    96           500 AM
 LOWEST     62           900 AM
 AVERAGE    79

..........................................................


THE AUGUSTA CLIMATE NORMALS FOR TODAY
                         NORMAL
 MAXIMUM TEMPERATURE (F)   56
 MINIMUM TEMPERATURE (F)   37


SUNRISE AND SUNSET
APRIL 21 2015.........SUNRISE   546 AM EDT   SUNSET   731 PM EDT
APRIL 22 2015.........SUNRISE   544 AM EDT   SUNSET   732 PM EDT


-  INDICATES NEGATIVE NUMBERS.
R  INDICATES RECORD WAS SET OR TIED.
MM INDICATES DATA IS MISSING.
T  INDICATES TRACE AMOUNT.




$$
