000
CDUS43 KGRB 262121
CLIAUW


CLIMATE REPORT
NATIONAL WEATHER SERVICE GREEN BAY
420 PM CDT SUN APR 26 2015


...................................

...THE WAUSAU WI CLIMATE SUMMARY FOR APRIL 26 2015...
VALID TODAY AS OF 0400 PM LOCAL TIME.

CLIMATE NORMAL PERIOD 1981 TO 2010
CLIMATE RECORD PERIOD 1896 TO 2015


WEATHER ITEM   OBSERVED TIME   RECORD YEAR NORMAL DEPARTURE LAST
                VALUE   (LST)  VALUE       VALUE  FROM      YEAR
                                                  NORMAL
..................................................................
TEMPERATURE (F)
 TODAY
  MAXIMUM         61    259 PM  84    1962  60      1       52
                                      1915
  MINIMUM         32    543 AM  23    1958  38     -6       31
  AVERAGE         47                        49     -2       42

PRECIPITATION (IN)
  TODAY            0.00          1.04 1902   0.10  -0.10     0.00
  MONTH TO DATE    3.15                      2.30   0.85     2.85
  SINCE MAR 1      3.97                      4.06  -0.09     3.60
  SINCE JAN 1      4.72                      6.00  -1.28     6.54

SNOWFALL (IN)
  TODAY            0.0           0.8  1950   0.1             0.0
  MONTH TO DATE    5.2                       3.8             8.4
  SINCE MAR 1      9.7                      13.8            14.7
  SINCE JUL 1     53.7                      59.1            84.3
  SNOW DEPTH       0

DEGREE DAYS
 HEATING
  TODAY           18                        16      2       23
  MONTH TO DATE  515                       569    -54      667
  SINCE MAR 1   1548                      1654   -106     1999
  SINCE JUL 1   8128                      7790    338     8946

 COOLING
  TODAY            0                         0      0        0
  MONTH TO DATE    0                         0      0        0
  SINCE JAN 1      0                         0      0        0
..................................................................


WIND (MPH)
  HIGHEST WIND SPEED    17   HIGHEST WIND DIRECTION    NW (330)
  HIGHEST GUST SPEED    26   HIGHEST GUST DIRECTION    NW (320)
  AVERAGE WIND SPEED     6.3


SKY COVER
  POSSIBLE SUNSHINE  MM
  AVERAGE SKY COVER 0.0


WEATHER CONDITIONS
 THE FOLLOWING WEATHER WAS RECORDED TODAY.
  NO SIGNIFICANT WEATHER WAS OBSERVED.


RELATIVE HUMIDITY (PERCENT)
 HIGHEST    64           200 AM
 LOWEST     19           200 PM
 AVERAGE    42

..........................................................


THE WAUSAU WI CLIMATE NORMALS FOR TOMORROW
                         NORMAL    RECORD    YEAR
 MAXIMUM TEMPERATURE (F)   61        85      1986
 MINIMUM TEMPERATURE (F)   38        21      1946
                                             1934


SUNRISE AND SUNSET
APRIL 26 2015.........SUNRISE   556 AM CDT   SUNSET   757 PM CDT
APRIL 27 2015.........SUNRISE   554 AM CDT   SUNSET   759 PM CDT


-  INDICATES NEGATIVE NUMBERS.
R  INDICATES RECORD WAS SET OR TIED.
MM INDICATES DATA IS MISSING.
T  INDICATES TRACE AMOUNT.




$$
